{"id":163,"date":"2015-01-31T16:07:15","date_gmt":"2015-01-31T16:07:15","guid":{"rendered":"http:\/\/www.varkstaden.se\/bokhandel2\/?post_type=product&#038;p=163"},"modified":"2021-11-25T08:12:01","modified_gmt":"2021-11-25T08:12:01","slug":"varkmastarnas-varkstad","status":"publish","type":"product","link":"https:\/\/www.varkstaden.se\/bokhandel\/produkt\/varkmastarnas-varkstad\/","title":{"rendered":"V\u00e4rkm\u00e4starnas v\u00e4rkstad"},"content":{"rendered":"<p><span style=\"font: 14px\/16.5px 'Lucida Grande', 'Lucida Sans', Verdana, Arial, sans-serif; color: #000000; text-transform: none; text-indent: 0px; letter-spacing: normal; word-spacing: 0px; float: none; display: inline !important; white-space: normal; font-size-adjust: none; font-stretch: normal; background-color: #ffffff; -webkit-text-stroke-width: 0px;\">V\u00c4RKM\u00c4STARNAS V\u00c4RKSTAD \u00e4r en bok om pedagogisk behandling och efterbyggande v\u00e5rd, den v\u00e5rd som borde erbjudas m\u00e4nniskor som f\u00e5r beskedet: &#8220;Du f\u00e5r l\u00e4ra dig leva med v\u00e4rken.&#8221; Den b\u00f6rjar d\u00e4r boken Att m\u00f6ta l\u00e5ngvarig sm\u00e4rta slutar, dvs.n\u00e4r en m\u00e4nniska med l\u00e5ngvarig v\u00e4rk och sm\u00e4rta \u00e4r utredd och f\u00e4rdigbehandlad men \u00e4nd\u00e5 inte \u00e4r symtomfri. V\u00e4rkm\u00e4starnas v\u00e4rkstad \u00e4r en instruktionsbok om hur m\u00e4nniskor med l\u00e5ngvarig v\u00e4rk hittar v\u00e4gen vidare. Den handlar om livet efter v\u00e5rden, n\u00e4r en m\u00e4nniska med l\u00e5ngvarig v\u00e4rk blir &#8220;klinikf\u00e4rdig&#8221;. I boken beskrivs dessa individers v\u00e4rk och v\u00e4rklighet och hur de i v\u00e4rkstaden finner v\u00e4rktyg till att bli v\u00e4rkm\u00e4stare. Den handlar om hur m\u00e4nniskor, enskilt eller i grupp, skaffar sig ett f\u00f6rh\u00e5llningss\u00e4tt till v\u00e4rk och sm\u00e4rta som medf\u00f6r att de m\u00e5r bra. Boken \u00e4r i f\u00f6rsta hand skriven f\u00f6r m\u00e4nniskor med v\u00e4rk, deras anh\u00f6riga, v\u00e4nner och arbetskamrater. Men den \u00e4r ocks\u00e5 skriven f\u00f6r l\u00e4kare, sjuksk\u00f6terskor, sjukgymnaster, kuratorer, f\u00f6rs\u00e4kringskassetj\u00e4nstem\u00e4n, socialarbetare och andra som m\u00f6ter m\u00e4nniskor med v\u00e4rk.<\/span><\/p>\n","protected":false},"excerpt":{"rendered":"<p>V\u00c4RKM\u00c4STARNAS V\u00c4RKSTAD \u00e4r en bok om pedagogisk behandling och efterbyggande v\u00e5rd, den v\u00e5rd som borde erbjudas m\u00e4nniskor som f\u00e5r beskedet: &#8220;Du f\u00e5r l\u00e4ra dig leva med v\u00e4rken.&#8221; Den b\u00f6rjar d\u00e4r boken Att m\u00f6ta l\u00e5ngvarig sm\u00e4rta slutar, dvs.n\u00e4r en m\u00e4nniska med &hellip;<\/p>\n<p class=\"read-more\"> <a class=\"more-link\" href=\"https:\/\/www.varkstaden.se\/bokhandel\/produkt\/varkmastarnas-varkstad\/\"> <span class=\"screen-reader-text\">V\u00e4rkm\u00e4starnas v\u00e4rkstad<\/span> L\u00e4s mer &raquo;<\/a><\/p>\n","protected":false},"featured_media":164,"comment_status":"open","ping_status":"closed","template":"","meta":[],"product_brand":[],"product_cat":[18,10,9],"product_tag":[],"class_list":{"0":"post-163","1":"product","2":"type-product","3":"status-publish","4":"has-post-thumbnail","6":"product_cat-e-bocker","7":"product_cat-rehabilitering","8":"product_cat-vark-och-smarta","10":"first","11":"instock","12":"sale","13":"taxable","14":"shipping-taxable","15":"purchasable","16":"product-type-variable"},"yoast_head":"<!-- This site is optimized with the Yoast SEO plugin v27.4 - https:\/\/yoast.com\/product\/yoast-seo-wordpress\/ -->\n<title>V\u00e4rkm\u00e4starnas v\u00e4rkstad - V\u00c4RKSTADSBOKHANDELN, webbmaster: Gunilla Brattberg<\/title>\n<meta name=\"robots\" content=\"index, follow, max-snippet:-1, max-image-preview:large, max-video-preview:-1\" \/>\n<link rel=\"canonical\" href=\"https:\/\/www.varkstaden.se\/bokhandel\/produkt\/varkmastarnas-varkstad\/\" \/>\n<meta property=\"og:locale\" content=\"sv_SE\" \/>\n<meta property=\"og:type\" content=\"article\" \/>\n<meta property=\"og:title\" content=\"V\u00e4rkm\u00e4starnas v\u00e4rkstad - V\u00c4RKSTADSBOKHANDELN, webbmaster: Gunilla Brattberg\" \/>\n<meta property=\"og:description\" content=\"V\u00c4RKM\u00c4STARNAS V\u00c4RKSTAD \u00e4r en bok om pedagogisk behandling och efterbyggande v\u00e5rd, den v\u00e5rd som borde erbjudas m\u00e4nniskor som f\u00e5r beskedet: &#8220;Du f\u00e5r l\u00e4ra dig leva med v\u00e4rken.&#8221; Den b\u00f6rjar d\u00e4r boken Att m\u00f6ta l\u00e5ngvarig sm\u00e4rta slutar, dvs.n\u00e4r en m\u00e4nniska med &hellip; V\u00e4rkm\u00e4starnas v\u00e4rkstad L\u00e4s mer &raquo;\" \/>\n<meta property=\"og:url\" content=\"https:\/\/www.varkstaden.se\/bokhandel\/produkt\/varkmastarnas-varkstad\/\" \/>\n<meta property=\"og:site_name\" content=\"V\u00c4RKSTADSBOKHANDELN, webbmaster: Gunilla Brattberg\" \/>\n<meta property=\"article:modified_time\" content=\"2021-11-25T08:12:01+00:00\" \/>\n<meta property=\"og:image\" content=\"https:\/\/www.varkstaden.se\/bokhandel\/wp-content\/uploads\/2015\/01\/varksta.jpg\" \/>\n\t<meta property=\"og:image:width\" content=\"508\" \/>\n\t<meta property=\"og:image:height\" content=\"796\" \/>\n\t<meta property=\"og:image:type\" content=\"image\/jpeg\" \/>\n<meta name=\"twitter:card\" content=\"summary_large_image\" \/>\n<meta name=\"twitter:label1\" content=\"Ber\u00e4knad l\u00e4stid\" \/>\n\t<meta name=\"twitter:data1\" content=\"1 minut\" \/>\n<script type=\"application\/ld+json\" class=\"yoast-schema-graph\">{\"@context\":\"https:\\\/\\\/schema.org\",\"@graph\":[{\"@type\":\"WebPage\",\"@id\":\"https:\\\/\\\/www.varkstaden.se\\\/bokhandel\\\/produkt\\\/varkmastarnas-varkstad\\\/\",\"url\":\"https:\\\/\\\/www.varkstaden.se\\\/bokhandel\\\/produkt\\\/varkmastarnas-varkstad\\\/\",\"name\":\"V\u00e4rkm\u00e4starnas v\u00e4rkstad - V\u00c4RKSTADSBOKHANDELN, webbmaster: Gunilla Brattberg\",\"isPartOf\":{\"@id\":\"https:\\\/\\\/www.varkstaden.se\\\/bokhandel\\\/#website\"},\"primaryImageOfPage\":{\"@id\":\"https:\\\/\\\/www.varkstaden.se\\\/bokhandel\\\/produkt\\\/varkmastarnas-varkstad\\\/#primaryimage\"},\"image\":{\"@id\":\"https:\\\/\\\/www.varkstaden.se\\\/bokhandel\\\/produkt\\\/varkmastarnas-varkstad\\\/#primaryimage\"},\"thumbnailUrl\":\"https:\\\/\\\/www.varkstaden.se\\\/bokhandel\\\/wp-content\\\/uploads\\\/2015\\\/01\\\/varksta.jpg\",\"datePublished\":\"2015-01-31T16:07:15+00:00\",\"dateModified\":\"2021-11-25T08:12:01+00:00\",\"breadcrumb\":{\"@id\":\"https:\\\/\\\/www.varkstaden.se\\\/bokhandel\\\/produkt\\\/varkmastarnas-varkstad\\\/#breadcrumb\"},\"inLanguage\":\"sv-SE\",\"potentialAction\":[{\"@type\":\"ReadAction\",\"target\":[\"https:\\\/\\\/www.varkstaden.se\\\/bokhandel\\\/produkt\\\/varkmastarnas-varkstad\\\/\"]}]},{\"@type\":\"ImageObject\",\"inLanguage\":\"sv-SE\",\"@id\":\"https:\\\/\\\/www.varkstaden.se\\\/bokhandel\\\/produkt\\\/varkmastarnas-varkstad\\\/#primaryimage\",\"url\":\"https:\\\/\\\/www.varkstaden.se\\\/bokhandel\\\/wp-content\\\/uploads\\\/2015\\\/01\\\/varksta.jpg\",\"contentUrl\":\"https:\\\/\\\/www.varkstaden.se\\\/bokhandel\\\/wp-content\\\/uploads\\\/2015\\\/01\\\/varksta.jpg\",\"width\":508,\"height\":796,\"caption\":\"V\u00e4rkm\u00e4starnas v\u00e4rkstad\"},{\"@type\":\"BreadcrumbList\",\"@id\":\"https:\\\/\\\/www.varkstaden.se\\\/bokhandel\\\/produkt\\\/varkmastarnas-varkstad\\\/#breadcrumb\",\"itemListElement\":[{\"@type\":\"ListItem\",\"position\":1,\"name\":\"Hem\",\"item\":\"https:\\\/\\\/www.varkstaden.se\\\/bokhandel\\\/\"},{\"@type\":\"ListItem\",\"position\":2,\"name\":\"Webbutik\",\"item\":\"https:\\\/\\\/www.varkstaden.se\\\/bokhandel\\\/\"},{\"@type\":\"ListItem\",\"position\":3,\"name\":\"V\u00e4rkm\u00e4starnas v\u00e4rkstad\"}]},{\"@type\":\"WebSite\",\"@id\":\"https:\\\/\\\/www.varkstaden.se\\\/bokhandel\\\/#website\",\"url\":\"https:\\\/\\\/www.varkstaden.se\\\/bokhandel\\\/\",\"name\":\"V\u00c4RKSTADSBOKHANDELN\",\"description\":\"\",\"publisher\":{\"@id\":\"https:\\\/\\\/www.varkstaden.se\\\/bokhandel\\\/#organization\"},\"potentialAction\":[{\"@type\":\"SearchAction\",\"target\":{\"@type\":\"EntryPoint\",\"urlTemplate\":\"https:\\\/\\\/www.varkstaden.se\\\/bokhandel\\\/?s={search_term_string}\"},\"query-input\":{\"@type\":\"PropertyValueSpecification\",\"valueRequired\":true,\"valueName\":\"search_term_string\"}}],\"inLanguage\":\"sv-SE\"},{\"@type\":\"Organization\",\"@id\":\"https:\\\/\\\/www.varkstaden.se\\\/bokhandel\\\/#organization\",\"name\":\"V\u00e4rkstaden GB AB\",\"url\":\"https:\\\/\\\/www.varkstaden.se\\\/bokhandel\\\/\",\"logo\":{\"@type\":\"ImageObject\",\"inLanguage\":\"sv-SE\",\"@id\":\"https:\\\/\\\/www.varkstaden.se\\\/bokhandel\\\/#\\\/schema\\\/logo\\\/image\\\/\",\"url\":\"https:\\\/\\\/www.varkstaden.se\\\/bokhandel\\\/wp-content\\\/uploads\\\/2017\\\/09\\\/cropped-bokhandel-e1543669762370-1.jpg\",\"contentUrl\":\"https:\\\/\\\/www.varkstaden.se\\\/bokhandel\\\/wp-content\\\/uploads\\\/2017\\\/09\\\/cropped-bokhandel-e1543669762370-1.jpg\",\"width\":1000,\"height\":525,\"caption\":\"V\u00e4rkstaden GB AB\"},\"image\":{\"@id\":\"https:\\\/\\\/www.varkstaden.se\\\/bokhandel\\\/#\\\/schema\\\/logo\\\/image\\\/\"}}]}<\/script>\n<!-- \/ Yoast SEO plugin. -->","yoast_head_json":{"title":"V\u00e4rkm\u00e4starnas v\u00e4rkstad - V\u00c4RKSTADSBOKHANDELN, webbmaster: Gunilla Brattberg","robots":{"index":"index","follow":"follow","max-snippet":"max-snippet:-1","max-image-preview":"max-image-preview:large","max-video-preview":"max-video-preview:-1"},"canonical":"https:\/\/www.varkstaden.se\/bokhandel\/produkt\/varkmastarnas-varkstad\/","og_locale":"sv_SE","og_type":"article","og_title":"V\u00e4rkm\u00e4starnas v\u00e4rkstad - V\u00c4RKSTADSBOKHANDELN, webbmaster: Gunilla Brattberg","og_description":"V\u00c4RKM\u00c4STARNAS V\u00c4RKSTAD \u00e4r en bok om pedagogisk behandling och efterbyggande v\u00e5rd, den v\u00e5rd som borde erbjudas m\u00e4nniskor som f\u00e5r beskedet: &#8220;Du f\u00e5r l\u00e4ra dig leva med v\u00e4rken.&#8221; Den b\u00f6rjar d\u00e4r boken Att m\u00f6ta l\u00e5ngvarig sm\u00e4rta slutar, dvs.n\u00e4r en m\u00e4nniska med &hellip; V\u00e4rkm\u00e4starnas v\u00e4rkstad L\u00e4s mer &raquo;","og_url":"https:\/\/www.varkstaden.se\/bokhandel\/produkt\/varkmastarnas-varkstad\/","og_site_name":"V\u00c4RKSTADSBOKHANDELN, webbmaster: Gunilla Brattberg","article_modified_time":"2021-11-25T08:12:01+00:00","og_image":[{"width":508,"height":796,"url":"https:\/\/www.varkstaden.se\/bokhandel\/wp-content\/uploads\/2015\/01\/varksta.jpg","type":"image\/jpeg"}],"twitter_card":"summary_large_image","twitter_misc":{"Ber\u00e4knad l\u00e4stid":"1 minut"},"schema":{"@context":"https:\/\/schema.org","@graph":[{"@type":"WebPage","@id":"https:\/\/www.varkstaden.se\/bokhandel\/produkt\/varkmastarnas-varkstad\/","url":"https:\/\/www.varkstaden.se\/bokhandel\/produkt\/varkmastarnas-varkstad\/","name":"V\u00e4rkm\u00e4starnas v\u00e4rkstad - V\u00c4RKSTADSBOKHANDELN, webbmaster: Gunilla Brattberg","isPartOf":{"@id":"https:\/\/www.varkstaden.se\/bokhandel\/#website"},"primaryImageOfPage":{"@id":"https:\/\/www.varkstaden.se\/bokhandel\/produkt\/varkmastarnas-varkstad\/#primaryimage"},"image":{"@id":"https:\/\/www.varkstaden.se\/bokhandel\/produkt\/varkmastarnas-varkstad\/#primaryimage"},"thumbnailUrl":"https:\/\/www.varkstaden.se\/bokhandel\/wp-content\/uploads\/2015\/01\/varksta.jpg","datePublished":"2015-01-31T16:07:15+00:00","dateModified":"2021-11-25T08:12:01+00:00","breadcrumb":{"@id":"https:\/\/www.varkstaden.se\/bokhandel\/produkt\/varkmastarnas-varkstad\/#breadcrumb"},"inLanguage":"sv-SE","potentialAction":[{"@type":"ReadAction","target":["https:\/\/www.varkstaden.se\/bokhandel\/produkt\/varkmastarnas-varkstad\/"]}]},{"@type":"ImageObject","inLanguage":"sv-SE","@id":"https:\/\/www.varkstaden.se\/bokhandel\/produkt\/varkmastarnas-varkstad\/#primaryimage","url":"https:\/\/www.varkstaden.se\/bokhandel\/wp-content\/uploads\/2015\/01\/varksta.jpg","contentUrl":"https:\/\/www.varkstaden.se\/bokhandel\/wp-content\/uploads\/2015\/01\/varksta.jpg","width":508,"height":796,"caption":"V\u00e4rkm\u00e4starnas v\u00e4rkstad"},{"@type":"BreadcrumbList","@id":"https:\/\/www.varkstaden.se\/bokhandel\/produkt\/varkmastarnas-varkstad\/#breadcrumb","itemListElement":[{"@type":"ListItem","position":1,"name":"Hem","item":"https:\/\/www.varkstaden.se\/bokhandel\/"},{"@type":"ListItem","position":2,"name":"Webbutik","item":"https:\/\/www.varkstaden.se\/bokhandel\/"},{"@type":"ListItem","position":3,"name":"V\u00e4rkm\u00e4starnas v\u00e4rkstad"}]},{"@type":"WebSite","@id":"https:\/\/www.varkstaden.se\/bokhandel\/#website","url":"https:\/\/www.varkstaden.se\/bokhandel\/","name":"V\u00c4RKSTADSBOKHANDELN","description":"","publisher":{"@id":"https:\/\/www.varkstaden.se\/bokhandel\/#organization"},"potentialAction":[{"@type":"SearchAction","target":{"@type":"EntryPoint","urlTemplate":"https:\/\/www.varkstaden.se\/bokhandel\/?s={search_term_string}"},"query-input":{"@type":"PropertyValueSpecification","valueRequired":true,"valueName":"search_term_string"}}],"inLanguage":"sv-SE"},{"@type":"Organization","@id":"https:\/\/www.varkstaden.se\/bokhandel\/#organization","name":"V\u00e4rkstaden GB AB","url":"https:\/\/www.varkstaden.se\/bokhandel\/","logo":{"@type":"ImageObject","inLanguage":"sv-SE","@id":"https:\/\/www.varkstaden.se\/bokhandel\/#\/schema\/logo\/image\/","url":"https:\/\/www.varkstaden.se\/bokhandel\/wp-content\/uploads\/2017\/09\/cropped-bokhandel-e1543669762370-1.jpg","contentUrl":"https:\/\/www.varkstaden.se\/bokhandel\/wp-content\/uploads\/2017\/09\/cropped-bokhandel-e1543669762370-1.jpg","width":1000,"height":525,"caption":"V\u00e4rkstaden GB AB"},"image":{"@id":"https:\/\/www.varkstaden.se\/bokhandel\/#\/schema\/logo\/image\/"}}]}},"_links":{"self":[{"href":"https:\/\/www.varkstaden.se\/bokhandel\/wp-json\/wp\/v2\/product\/163","targetHints":{"allow":["GET"]}}],"collection":[{"href":"https:\/\/www.varkstaden.se\/bokhandel\/wp-json\/wp\/v2\/product"}],"about":[{"href":"https:\/\/www.varkstaden.se\/bokhandel\/wp-json\/wp\/v2\/types\/product"}],"replies":[{"embeddable":true,"href":"https:\/\/www.varkstaden.se\/bokhandel\/wp-json\/wp\/v2\/comments?post=163"}],"wp:featuredmedia":[{"embeddable":true,"href":"https:\/\/www.varkstaden.se\/bokhandel\/wp-json\/wp\/v2\/media\/164"}],"wp:attachment":[{"href":"https:\/\/www.varkstaden.se\/bokhandel\/wp-json\/wp\/v2\/media?parent=163"}],"wp:term":[{"taxonomy":"product_brand","embeddable":true,"href":"https:\/\/www.varkstaden.se\/bokhandel\/wp-json\/wp\/v2\/product_brand?post=163"},{"taxonomy":"product_cat","embeddable":true,"href":"https:\/\/www.varkstaden.se\/bokhandel\/wp-json\/wp\/v2\/product_cat?post=163"},{"taxonomy":"product_tag","embeddable":true,"href":"https:\/\/www.varkstaden.se\/bokhandel\/wp-json\/wp\/v2\/product_tag?post=163"}],"curies":[{"name":"wp","href":"https:\/\/api.w.org\/{rel}","templated":true}]}}