{"id":123,"date":"2015-01-31T15:15:02","date_gmt":"2015-01-31T15:15:02","guid":{"rendered":"http:\/\/www.varkstaden.se\/bokhandel2\/?post_type=product&#038;p=123"},"modified":"2023-08-26T05:12:02","modified_gmt":"2023-08-26T05:12:02","slug":"pedagogik-for-rehabilitering","status":"publish","type":"product","link":"https:\/\/www.varkstaden.se\/bokhandel\/produkt\/pedagogik-for-rehabilitering\/","title":{"rendered":"Pedagogik f\u00f6r rehabilitering"},"content":{"rendered":"<p style=\"font: 16px\/24px Georgia, 'Times New Roman', 'Bitstream Charter', Times, serif; color: #333333; text-transform: none; text-indent: 0px; letter-spacing: normal; word-spacing: 0px; white-space: normal; font-size-adjust: none; font-stretch: normal; -webkit-text-stroke-width: 0px;\">Du f\u00e5r l\u00e4ra dig att leva med v\u00e4rken, sm\u00e4rtan och tr\u00f6ttheten, \u00e4r det besked som m\u00e5nga l\u00e5ngtidssjukskrivna f\u00e5r. S\u00e4llan f\u00e5r de reda p\u00e5 hur det ska g\u00e5 till. Rehabilitering handlar om hur en m\u00e4nniska l\u00e4r sig nya s\u00e4tt att t\u00e4nka, k\u00e4nna och bete sig med sikte p\u00e5 f\u00f6rb\u00e4ttrad funktion och h\u00e4lsa. F\u00f6retr\u00e4dare f\u00f6r alla discipliner hj\u00e4lper m\u00e4nniskor med funktionshinder att bli mindre handikappade och mer arbetsf\u00f6ra. I m\u00e5ngt och mycket handlar detta om en l\u00e4rprocess som underl\u00e4ttas av att alla v\u00e5rdgivare runt patienten \u00e4r pedagogiska.<\/p>\n<p style=\"font: 16px\/24px Georgia, 'Times New Roman', 'Bitstream Charter', Times, serif; color: #333333; text-transform: none; text-indent: 0px; letter-spacing: normal; word-spacing: 0px; white-space: normal; font-size-adjust: none; font-stretch: normal; -webkit-text-stroke-width: 0px;\">Detta \u00e4r f\u00f6rfattarens andra pedagogikbok. Hon har tidigare skrivit Rehabiliteringspedagogik f\u00f6r arbete med l\u00e5ngtidssjukskrivna i grupp. I den boken beskrivs hur v\u00e4rkstadskonceptet har vuxit fram som ett pedagogiskt rehabiliteringskoncept. Syftet med Pedagogik f\u00f6r rehabilitering \u00e4r att i vidare bem\u00e4rkelse f\u00f6rs\u00f6ka utforska vad det pedagogiska paradigmet har att bidra med n\u00e4r det g\u00e4ller rehabilitering. I boken beskrivs pedagogiska metoder av vilka somliga kan utf\u00f6ras av lekm\u00e4n f\u00f6r kostnadseffektiv rehabilitering. Ut\u00f6ver olika typer av v\u00e5rdgivare kan ocks\u00e5 m\u00e4nniskor som st\u00e5r inf\u00f6r konststycket att l\u00e4ra sig leva med obotbara symtom ha nytta av boken.<\/p>\n","protected":false},"excerpt":{"rendered":"<p>Du f\u00e5r l\u00e4ra dig att leva med v\u00e4rken, sm\u00e4rtan och tr\u00f6ttheten, \u00e4r det besked som m\u00e5nga l\u00e5ngtidssjukskrivna f\u00e5r. S\u00e4llan f\u00e5r de reda p\u00e5 hur det ska g\u00e5 till. Rehabilitering handlar om hur en m\u00e4nniska l\u00e4r sig nya s\u00e4tt att t\u00e4nka, &hellip;<\/p>\n<p class=\"read-more\"> <a class=\"more-link\" href=\"https:\/\/www.varkstaden.se\/bokhandel\/produkt\/pedagogik-for-rehabilitering\/\"> <span class=\"screen-reader-text\">Pedagogik f\u00f6r rehabilitering<\/span> L\u00e4s mer &raquo;<\/a><\/p>\n","protected":false},"featured_media":1434,"comment_status":"open","ping_status":"closed","template":"","meta":[],"product_brand":[],"product_cat":[18,17,10],"product_tag":[],"class_list":{"0":"post-123","1":"product","2":"type-product","3":"status-publish","4":"has-post-thumbnail","6":"product_cat-e-bocker","7":"product_cat-pedagogik","8":"product_cat-rehabilitering","10":"first","11":"instock","12":"sale","13":"taxable","14":"shipping-taxable","15":"purchasable","16":"product-type-variable"},"yoast_head":"<!-- This site is optimized with the Yoast SEO plugin v27.4 - https:\/\/yoast.com\/product\/yoast-seo-wordpress\/ -->\n<title>Pedagogik f\u00f6r rehabilitering - om olika pedagogiska koncept.<\/title>\n<meta name=\"description\" content=\"I boken &quot;Pedagogik f\u00f6r rehabilitering&quot; utforskas olika pedagogiska koncept anv\u00e4ndbara i rehabiliteringen.\" \/>\n<meta name=\"robots\" content=\"index, follow, max-snippet:-1, max-image-preview:large, max-video-preview:-1\" \/>\n<link rel=\"canonical\" href=\"https:\/\/www.varkstaden.se\/bokhandel\/produkt\/pedagogik-for-rehabilitering\/\" \/>\n<meta property=\"og:locale\" content=\"sv_SE\" \/>\n<meta property=\"og:type\" content=\"article\" \/>\n<meta property=\"og:title\" content=\"Pedagogik f\u00f6r rehabilitering - om olika pedagogiska koncept.\" \/>\n<meta property=\"og:description\" content=\"I boken &quot;Pedagogik f\u00f6r rehabilitering&quot; utforskas olika pedagogiska koncept anv\u00e4ndbara i rehabiliteringen.\" \/>\n<meta property=\"og:url\" content=\"https:\/\/www.varkstaden.se\/bokhandel\/produkt\/pedagogik-for-rehabilitering\/\" \/>\n<meta property=\"og:site_name\" content=\"V\u00c4RKSTADSBOKHANDELN, webbmaster: Gunilla Brattberg\" \/>\n<meta property=\"article:modified_time\" content=\"2023-08-26T05:12:02+00:00\" \/>\n<meta property=\"og:image\" content=\"https:\/\/www.varkstaden.se\/bokhandel\/wp-content\/uploads\/2015\/01\/cover.jpeg\" \/>\n\t<meta property=\"og:image:width\" content=\"500\" \/>\n\t<meta property=\"og:image:height\" content=\"708\" \/>\n\t<meta property=\"og:image:type\" content=\"image\/jpeg\" \/>\n<meta name=\"twitter:card\" content=\"summary_large_image\" \/>\n<meta name=\"twitter:label1\" content=\"Ber\u00e4knad l\u00e4stid\" \/>\n\t<meta name=\"twitter:data1\" content=\"1 minut\" \/>\n<script type=\"application\/ld+json\" class=\"yoast-schema-graph\">{\"@context\":\"https:\\\/\\\/schema.org\",\"@graph\":[{\"@type\":\"WebPage\",\"@id\":\"https:\\\/\\\/www.varkstaden.se\\\/bokhandel\\\/produkt\\\/pedagogik-for-rehabilitering\\\/\",\"url\":\"https:\\\/\\\/www.varkstaden.se\\\/bokhandel\\\/produkt\\\/pedagogik-for-rehabilitering\\\/\",\"name\":\"Pedagogik f\u00f6r rehabilitering - om olika pedagogiska koncept.\",\"isPartOf\":{\"@id\":\"https:\\\/\\\/www.varkstaden.se\\\/bokhandel\\\/#website\"},\"primaryImageOfPage\":{\"@id\":\"https:\\\/\\\/www.varkstaden.se\\\/bokhandel\\\/produkt\\\/pedagogik-for-rehabilitering\\\/#primaryimage\"},\"image\":{\"@id\":\"https:\\\/\\\/www.varkstaden.se\\\/bokhandel\\\/produkt\\\/pedagogik-for-rehabilitering\\\/#primaryimage\"},\"thumbnailUrl\":\"https:\\\/\\\/www.varkstaden.se\\\/bokhandel\\\/wp-content\\\/uploads\\\/2015\\\/01\\\/cover.jpeg\",\"datePublished\":\"2015-01-31T15:15:02+00:00\",\"dateModified\":\"2023-08-26T05:12:02+00:00\",\"description\":\"I boken \\\"Pedagogik f\u00f6r rehabilitering\\\" utforskas olika pedagogiska koncept anv\u00e4ndbara i rehabiliteringen.\",\"breadcrumb\":{\"@id\":\"https:\\\/\\\/www.varkstaden.se\\\/bokhandel\\\/produkt\\\/pedagogik-for-rehabilitering\\\/#breadcrumb\"},\"inLanguage\":\"sv-SE\",\"potentialAction\":[{\"@type\":\"ReadAction\",\"target\":[\"https:\\\/\\\/www.varkstaden.se\\\/bokhandel\\\/produkt\\\/pedagogik-for-rehabilitering\\\/\"]}]},{\"@type\":\"ImageObject\",\"inLanguage\":\"sv-SE\",\"@id\":\"https:\\\/\\\/www.varkstaden.se\\\/bokhandel\\\/produkt\\\/pedagogik-for-rehabilitering\\\/#primaryimage\",\"url\":\"https:\\\/\\\/www.varkstaden.se\\\/bokhandel\\\/wp-content\\\/uploads\\\/2015\\\/01\\\/cover.jpeg\",\"contentUrl\":\"https:\\\/\\\/www.varkstaden.se\\\/bokhandel\\\/wp-content\\\/uploads\\\/2015\\\/01\\\/cover.jpeg\",\"width\":500,\"height\":708},{\"@type\":\"BreadcrumbList\",\"@id\":\"https:\\\/\\\/www.varkstaden.se\\\/bokhandel\\\/produkt\\\/pedagogik-for-rehabilitering\\\/#breadcrumb\",\"itemListElement\":[{\"@type\":\"ListItem\",\"position\":1,\"name\":\"Hem\",\"item\":\"https:\\\/\\\/www.varkstaden.se\\\/bokhandel\\\/\"},{\"@type\":\"ListItem\",\"position\":2,\"name\":\"Webbutik\",\"item\":\"https:\\\/\\\/www.varkstaden.se\\\/bokhandel\\\/\"},{\"@type\":\"ListItem\",\"position\":3,\"name\":\"Pedagogik f\u00f6r rehabilitering\"}]},{\"@type\":\"WebSite\",\"@id\":\"https:\\\/\\\/www.varkstaden.se\\\/bokhandel\\\/#website\",\"url\":\"https:\\\/\\\/www.varkstaden.se\\\/bokhandel\\\/\",\"name\":\"V\u00c4RKSTADSBOKHANDELN\",\"description\":\"\",\"publisher\":{\"@id\":\"https:\\\/\\\/www.varkstaden.se\\\/bokhandel\\\/#organization\"},\"potentialAction\":[{\"@type\":\"SearchAction\",\"target\":{\"@type\":\"EntryPoint\",\"urlTemplate\":\"https:\\\/\\\/www.varkstaden.se\\\/bokhandel\\\/?s={search_term_string}\"},\"query-input\":{\"@type\":\"PropertyValueSpecification\",\"valueRequired\":true,\"valueName\":\"search_term_string\"}}],\"inLanguage\":\"sv-SE\"},{\"@type\":\"Organization\",\"@id\":\"https:\\\/\\\/www.varkstaden.se\\\/bokhandel\\\/#organization\",\"name\":\"V\u00e4rkstaden GB AB\",\"url\":\"https:\\\/\\\/www.varkstaden.se\\\/bokhandel\\\/\",\"logo\":{\"@type\":\"ImageObject\",\"inLanguage\":\"sv-SE\",\"@id\":\"https:\\\/\\\/www.varkstaden.se\\\/bokhandel\\\/#\\\/schema\\\/logo\\\/image\\\/\",\"url\":\"https:\\\/\\\/www.varkstaden.se\\\/bokhandel\\\/wp-content\\\/uploads\\\/2017\\\/09\\\/cropped-bokhandel-e1543669762370-1.jpg\",\"contentUrl\":\"https:\\\/\\\/www.varkstaden.se\\\/bokhandel\\\/wp-content\\\/uploads\\\/2017\\\/09\\\/cropped-bokhandel-e1543669762370-1.jpg\",\"width\":1000,\"height\":525,\"caption\":\"V\u00e4rkstaden GB AB\"},\"image\":{\"@id\":\"https:\\\/\\\/www.varkstaden.se\\\/bokhandel\\\/#\\\/schema\\\/logo\\\/image\\\/\"}}]}<\/script>\n<!-- \/ Yoast SEO plugin. -->","yoast_head_json":{"title":"Pedagogik f\u00f6r rehabilitering - om olika pedagogiska koncept.","description":"I boken \"Pedagogik f\u00f6r rehabilitering\" utforskas olika pedagogiska koncept anv\u00e4ndbara i rehabiliteringen.","robots":{"index":"index","follow":"follow","max-snippet":"max-snippet:-1","max-image-preview":"max-image-preview:large","max-video-preview":"max-video-preview:-1"},"canonical":"https:\/\/www.varkstaden.se\/bokhandel\/produkt\/pedagogik-for-rehabilitering\/","og_locale":"sv_SE","og_type":"article","og_title":"Pedagogik f\u00f6r rehabilitering - om olika pedagogiska koncept.","og_description":"I boken \"Pedagogik f\u00f6r rehabilitering\" utforskas olika pedagogiska koncept anv\u00e4ndbara i rehabiliteringen.","og_url":"https:\/\/www.varkstaden.se\/bokhandel\/produkt\/pedagogik-for-rehabilitering\/","og_site_name":"V\u00c4RKSTADSBOKHANDELN, webbmaster: Gunilla Brattberg","article_modified_time":"2023-08-26T05:12:02+00:00","og_image":[{"width":500,"height":708,"url":"https:\/\/www.varkstaden.se\/bokhandel\/wp-content\/uploads\/2015\/01\/cover.jpeg","type":"image\/jpeg"}],"twitter_card":"summary_large_image","twitter_misc":{"Ber\u00e4knad l\u00e4stid":"1 minut"},"schema":{"@context":"https:\/\/schema.org","@graph":[{"@type":"WebPage","@id":"https:\/\/www.varkstaden.se\/bokhandel\/produkt\/pedagogik-for-rehabilitering\/","url":"https:\/\/www.varkstaden.se\/bokhandel\/produkt\/pedagogik-for-rehabilitering\/","name":"Pedagogik f\u00f6r rehabilitering - om olika pedagogiska koncept.","isPartOf":{"@id":"https:\/\/www.varkstaden.se\/bokhandel\/#website"},"primaryImageOfPage":{"@id":"https:\/\/www.varkstaden.se\/bokhandel\/produkt\/pedagogik-for-rehabilitering\/#primaryimage"},"image":{"@id":"https:\/\/www.varkstaden.se\/bokhandel\/produkt\/pedagogik-for-rehabilitering\/#primaryimage"},"thumbnailUrl":"https:\/\/www.varkstaden.se\/bokhandel\/wp-content\/uploads\/2015\/01\/cover.jpeg","datePublished":"2015-01-31T15:15:02+00:00","dateModified":"2023-08-26T05:12:02+00:00","description":"I boken \"Pedagogik f\u00f6r rehabilitering\" utforskas olika pedagogiska koncept anv\u00e4ndbara i rehabiliteringen.","breadcrumb":{"@id":"https:\/\/www.varkstaden.se\/bokhandel\/produkt\/pedagogik-for-rehabilitering\/#breadcrumb"},"inLanguage":"sv-SE","potentialAction":[{"@type":"ReadAction","target":["https:\/\/www.varkstaden.se\/bokhandel\/produkt\/pedagogik-for-rehabilitering\/"]}]},{"@type":"ImageObject","inLanguage":"sv-SE","@id":"https:\/\/www.varkstaden.se\/bokhandel\/produkt\/pedagogik-for-rehabilitering\/#primaryimage","url":"https:\/\/www.varkstaden.se\/bokhandel\/wp-content\/uploads\/2015\/01\/cover.jpeg","contentUrl":"https:\/\/www.varkstaden.se\/bokhandel\/wp-content\/uploads\/2015\/01\/cover.jpeg","width":500,"height":708},{"@type":"BreadcrumbList","@id":"https:\/\/www.varkstaden.se\/bokhandel\/produkt\/pedagogik-for-rehabilitering\/#breadcrumb","itemListElement":[{"@type":"ListItem","position":1,"name":"Hem","item":"https:\/\/www.varkstaden.se\/bokhandel\/"},{"@type":"ListItem","position":2,"name":"Webbutik","item":"https:\/\/www.varkstaden.se\/bokhandel\/"},{"@type":"ListItem","position":3,"name":"Pedagogik f\u00f6r rehabilitering"}]},{"@type":"WebSite","@id":"https:\/\/www.varkstaden.se\/bokhandel\/#website","url":"https:\/\/www.varkstaden.se\/bokhandel\/","name":"V\u00c4RKSTADSBOKHANDELN","description":"","publisher":{"@id":"https:\/\/www.varkstaden.se\/bokhandel\/#organization"},"potentialAction":[{"@type":"SearchAction","target":{"@type":"EntryPoint","urlTemplate":"https:\/\/www.varkstaden.se\/bokhandel\/?s={search_term_string}"},"query-input":{"@type":"PropertyValueSpecification","valueRequired":true,"valueName":"search_term_string"}}],"inLanguage":"sv-SE"},{"@type":"Organization","@id":"https:\/\/www.varkstaden.se\/bokhandel\/#organization","name":"V\u00e4rkstaden GB AB","url":"https:\/\/www.varkstaden.se\/bokhandel\/","logo":{"@type":"ImageObject","inLanguage":"sv-SE","@id":"https:\/\/www.varkstaden.se\/bokhandel\/#\/schema\/logo\/image\/","url":"https:\/\/www.varkstaden.se\/bokhandel\/wp-content\/uploads\/2017\/09\/cropped-bokhandel-e1543669762370-1.jpg","contentUrl":"https:\/\/www.varkstaden.se\/bokhandel\/wp-content\/uploads\/2017\/09\/cropped-bokhandel-e1543669762370-1.jpg","width":1000,"height":525,"caption":"V\u00e4rkstaden GB AB"},"image":{"@id":"https:\/\/www.varkstaden.se\/bokhandel\/#\/schema\/logo\/image\/"}}]}},"_links":{"self":[{"href":"https:\/\/www.varkstaden.se\/bokhandel\/wp-json\/wp\/v2\/product\/123","targetHints":{"allow":["GET"]}}],"collection":[{"href":"https:\/\/www.varkstaden.se\/bokhandel\/wp-json\/wp\/v2\/product"}],"about":[{"href":"https:\/\/www.varkstaden.se\/bokhandel\/wp-json\/wp\/v2\/types\/product"}],"replies":[{"embeddable":true,"href":"https:\/\/www.varkstaden.se\/bokhandel\/wp-json\/wp\/v2\/comments?post=123"}],"wp:featuredmedia":[{"embeddable":true,"href":"https:\/\/www.varkstaden.se\/bokhandel\/wp-json\/wp\/v2\/media\/1434"}],"wp:attachment":[{"href":"https:\/\/www.varkstaden.se\/bokhandel\/wp-json\/wp\/v2\/media?parent=123"}],"wp:term":[{"taxonomy":"product_brand","embeddable":true,"href":"https:\/\/www.varkstaden.se\/bokhandel\/wp-json\/wp\/v2\/product_brand?post=123"},{"taxonomy":"product_cat","embeddable":true,"href":"https:\/\/www.varkstaden.se\/bokhandel\/wp-json\/wp\/v2\/product_cat?post=123"},{"taxonomy":"product_tag","embeddable":true,"href":"https:\/\/www.varkstaden.se\/bokhandel\/wp-json\/wp\/v2\/product_tag?post=123"}],"curies":[{"name":"wp","href":"https:\/\/api.w.org\/{rel}","templated":true}]}}