{"id":1224,"date":"2020-04-12T06:13:06","date_gmt":"2020-04-12T06:13:06","guid":{"rendered":"https:\/\/www.varkstaden.se\/bokhandel\/?post_type=product&#038;p=1224"},"modified":"2020-04-12T06:16:16","modified_gmt":"2020-04-12T06:16:16","slug":"rehabilitering-med-livskvalitet-som-mal","status":"publish","type":"product","link":"https:\/\/www.varkstaden.se\/bokhandel\/produkt\/rehabilitering-med-livskvalitet-som-mal\/","title":{"rendered":"Rehabilitering med livskvalitet som m\u00e5l"},"content":{"rendered":"<p>Inneh\u00e5llet i Rehabilitering med livskvalitet som m\u00e5l baseras p\u00e5 tusentals m\u00f6ten med sm\u00e4rtpatienter, i sjukv\u00e5rden och i V\u00e4rkstaden. H\u00e4r f\u00f6rmedlas erfarenheter av hur man kan hj\u00e4lpa dessa m\u00e4nniskor att m\u00e5 bra trots kvarst\u00e5ende symtom, dvs. hur man kan rehabilitera dem tillbaka till rimligt god livskvalitet. Nyckelorden \u00e4r \u00e4kta m\u00f6ten och livsn\u00e4ra samtal d\u00e4r m\u00e4nniskor kan f\u00e5 kunskap, kraft och hj\u00e4lp att bearbeta sorgen och sina k\u00e4nslor av att de \u00e4r skyldiga att bli friska.<\/p>\n<p>Rehabilitering med livskvalitet som m\u00e5l \u00e4r i f\u00f6rsta hand skriven f\u00f6r l\u00e4kare, v\u00e5rdpersonal och f\u00f6rs\u00e4kringskassetj\u00e4nstem\u00e4n med uppgift att rehabilitera m\u00e4nniskor med l\u00e5ngvarig v\u00e4rk och sm\u00e4rta. Men skriften \u00e4r anv\u00e4ndbar \u00e4ven i sj\u00e4lav\u00e5rdande samtal och i alla andra sammanhang d\u00e4r man m\u00f6ter m\u00e4nniskor som p.g.a. sjukdom eller skada tvingas att leva med obotbara symtom. Den kan med f\u00f6rdel \u00e4ven l\u00e4sas av dem som har drabbats av dessa symtom.<\/p>\n","protected":false},"excerpt":{"rendered":"<p>Inneh\u00e5llet i Rehabilitering med livskvalitet som m\u00e5l baseras p\u00e5 tusentals m\u00f6ten med sm\u00e4rtpatienter, i sjukv\u00e5rden och i V\u00e4rkstaden. H\u00e4r f\u00f6rmedlas erfarenheter av hur man kan hj\u00e4lpa dessa m\u00e4nniskor att m\u00e5 bra trots kvarst\u00e5ende symtom, dvs. hur man kan rehabilitera dem &hellip;<\/p>\n<p class=\"read-more\"> <a class=\"more-link\" href=\"https:\/\/www.varkstaden.se\/bokhandel\/produkt\/rehabilitering-med-livskvalitet-som-mal\/\"> <span class=\"screen-reader-text\">Rehabilitering med livskvalitet som m\u00e5l<\/span> L\u00e4s mer &raquo;<\/a><\/p>\n","protected":false},"featured_media":1227,"comment_status":"closed","ping_status":"closed","template":"","meta":[],"product_brand":[],"product_cat":[18,10,9],"product_tag":[],"class_list":{"0":"post-1224","1":"product","2":"type-product","3":"status-publish","4":"has-post-thumbnail","6":"product_cat-e-bocker","7":"product_cat-rehabilitering","8":"product_cat-vark-och-smarta","10":"first","11":"instock","12":"taxable","13":"shipping-taxable","14":"purchasable","15":"product-type-variable"},"yoast_head":"<!-- This site is optimized with the Yoast SEO plugin v27.4 - https:\/\/yoast.com\/product\/yoast-seo-wordpress\/ -->\n<title>Rehabilitering med livskvalitet som m\u00e5l - V\u00c4RKSTADSBOKHANDELN, webbmaster: Gunilla Brattberg<\/title>\n<meta name=\"robots\" content=\"index, follow, max-snippet:-1, max-image-preview:large, max-video-preview:-1\" \/>\n<link rel=\"canonical\" href=\"https:\/\/www.varkstaden.se\/bokhandel\/produkt\/rehabilitering-med-livskvalitet-som-mal\/\" \/>\n<meta property=\"og:locale\" content=\"sv_SE\" \/>\n<meta property=\"og:type\" content=\"article\" \/>\n<meta property=\"og:title\" content=\"Rehabilitering med livskvalitet som m\u00e5l - V\u00c4RKSTADSBOKHANDELN, webbmaster: Gunilla Brattberg\" \/>\n<meta property=\"og:description\" content=\"Inneh\u00e5llet i Rehabilitering med livskvalitet som m\u00e5l baseras p\u00e5 tusentals m\u00f6ten med sm\u00e4rtpatienter, i sjukv\u00e5rden och i V\u00e4rkstaden. H\u00e4r f\u00f6rmedlas erfarenheter av hur man kan hj\u00e4lpa dessa m\u00e4nniskor att m\u00e5 bra trots kvarst\u00e5ende symtom, dvs. hur man kan rehabilitera dem &hellip; Rehabilitering med livskvalitet som m\u00e5l L\u00e4s mer &raquo;\" \/>\n<meta property=\"og:url\" content=\"https:\/\/www.varkstaden.se\/bokhandel\/produkt\/rehabilitering-med-livskvalitet-som-mal\/\" \/>\n<meta property=\"og:site_name\" content=\"V\u00c4RKSTADSBOKHANDELN, webbmaster: Gunilla Brattberg\" \/>\n<meta property=\"article:modified_time\" content=\"2020-04-12T06:16:16+00:00\" \/>\n<meta property=\"og:image\" content=\"https:\/\/www.varkstaden.se\/bokhandel\/wp-content\/uploads\/2020\/04\/coverOmslag-scaled.jpg\" \/>\n\t<meta property=\"og:image:width\" content=\"1767\" \/>\n\t<meta property=\"og:image:height\" content=\"2560\" \/>\n\t<meta property=\"og:image:type\" content=\"image\/jpeg\" \/>\n<meta name=\"twitter:card\" content=\"summary_large_image\" \/>\n<meta name=\"twitter:label1\" content=\"Ber\u00e4knad l\u00e4stid\" \/>\n\t<meta name=\"twitter:data1\" content=\"1 minut\" \/>\n<script type=\"application\/ld+json\" class=\"yoast-schema-graph\">{\"@context\":\"https:\\\/\\\/schema.org\",\"@graph\":[{\"@type\":\"WebPage\",\"@id\":\"https:\\\/\\\/www.varkstaden.se\\\/bokhandel\\\/produkt\\\/rehabilitering-med-livskvalitet-som-mal\\\/\",\"url\":\"https:\\\/\\\/www.varkstaden.se\\\/bokhandel\\\/produkt\\\/rehabilitering-med-livskvalitet-som-mal\\\/\",\"name\":\"Rehabilitering med livskvalitet som m\u00e5l - V\u00c4RKSTADSBOKHANDELN, webbmaster: Gunilla Brattberg\",\"isPartOf\":{\"@id\":\"https:\\\/\\\/www.varkstaden.se\\\/bokhandel\\\/#website\"},\"primaryImageOfPage\":{\"@id\":\"https:\\\/\\\/www.varkstaden.se\\\/bokhandel\\\/produkt\\\/rehabilitering-med-livskvalitet-som-mal\\\/#primaryimage\"},\"image\":{\"@id\":\"https:\\\/\\\/www.varkstaden.se\\\/bokhandel\\\/produkt\\\/rehabilitering-med-livskvalitet-som-mal\\\/#primaryimage\"},\"thumbnailUrl\":\"https:\\\/\\\/www.varkstaden.se\\\/bokhandel\\\/wp-content\\\/uploads\\\/2020\\\/04\\\/coverOmslag-scaled.jpg\",\"datePublished\":\"2020-04-12T06:13:06+00:00\",\"dateModified\":\"2020-04-12T06:16:16+00:00\",\"breadcrumb\":{\"@id\":\"https:\\\/\\\/www.varkstaden.se\\\/bokhandel\\\/produkt\\\/rehabilitering-med-livskvalitet-som-mal\\\/#breadcrumb\"},\"inLanguage\":\"sv-SE\",\"potentialAction\":[{\"@type\":\"ReadAction\",\"target\":[\"https:\\\/\\\/www.varkstaden.se\\\/bokhandel\\\/produkt\\\/rehabilitering-med-livskvalitet-som-mal\\\/\"]}]},{\"@type\":\"ImageObject\",\"inLanguage\":\"sv-SE\",\"@id\":\"https:\\\/\\\/www.varkstaden.se\\\/bokhandel\\\/produkt\\\/rehabilitering-med-livskvalitet-som-mal\\\/#primaryimage\",\"url\":\"https:\\\/\\\/www.varkstaden.se\\\/bokhandel\\\/wp-content\\\/uploads\\\/2020\\\/04\\\/coverOmslag-scaled.jpg\",\"contentUrl\":\"https:\\\/\\\/www.varkstaden.se\\\/bokhandel\\\/wp-content\\\/uploads\\\/2020\\\/04\\\/coverOmslag-scaled.jpg\",\"width\":1767,\"height\":2560},{\"@type\":\"BreadcrumbList\",\"@id\":\"https:\\\/\\\/www.varkstaden.se\\\/bokhandel\\\/produkt\\\/rehabilitering-med-livskvalitet-som-mal\\\/#breadcrumb\",\"itemListElement\":[{\"@type\":\"ListItem\",\"position\":1,\"name\":\"Hem\",\"item\":\"https:\\\/\\\/www.varkstaden.se\\\/bokhandel\\\/\"},{\"@type\":\"ListItem\",\"position\":2,\"name\":\"Webbutik\",\"item\":\"https:\\\/\\\/www.varkstaden.se\\\/bokhandel\\\/\"},{\"@type\":\"ListItem\",\"position\":3,\"name\":\"Rehabilitering med livskvalitet som m\u00e5l\"}]},{\"@type\":\"WebSite\",\"@id\":\"https:\\\/\\\/www.varkstaden.se\\\/bokhandel\\\/#website\",\"url\":\"https:\\\/\\\/www.varkstaden.se\\\/bokhandel\\\/\",\"name\":\"V\u00c4RKSTADSBOKHANDELN\",\"description\":\"\",\"publisher\":{\"@id\":\"https:\\\/\\\/www.varkstaden.se\\\/bokhandel\\\/#organization\"},\"potentialAction\":[{\"@type\":\"SearchAction\",\"target\":{\"@type\":\"EntryPoint\",\"urlTemplate\":\"https:\\\/\\\/www.varkstaden.se\\\/bokhandel\\\/?s={search_term_string}\"},\"query-input\":{\"@type\":\"PropertyValueSpecification\",\"valueRequired\":true,\"valueName\":\"search_term_string\"}}],\"inLanguage\":\"sv-SE\"},{\"@type\":\"Organization\",\"@id\":\"https:\\\/\\\/www.varkstaden.se\\\/bokhandel\\\/#organization\",\"name\":\"V\u00e4rkstaden GB AB\",\"url\":\"https:\\\/\\\/www.varkstaden.se\\\/bokhandel\\\/\",\"logo\":{\"@type\":\"ImageObject\",\"inLanguage\":\"sv-SE\",\"@id\":\"https:\\\/\\\/www.varkstaden.se\\\/bokhandel\\\/#\\\/schema\\\/logo\\\/image\\\/\",\"url\":\"https:\\\/\\\/www.varkstaden.se\\\/bokhandel\\\/wp-content\\\/uploads\\\/2017\\\/09\\\/cropped-bokhandel-e1543669762370-1.jpg\",\"contentUrl\":\"https:\\\/\\\/www.varkstaden.se\\\/bokhandel\\\/wp-content\\\/uploads\\\/2017\\\/09\\\/cropped-bokhandel-e1543669762370-1.jpg\",\"width\":1000,\"height\":525,\"caption\":\"V\u00e4rkstaden GB AB\"},\"image\":{\"@id\":\"https:\\\/\\\/www.varkstaden.se\\\/bokhandel\\\/#\\\/schema\\\/logo\\\/image\\\/\"}}]}<\/script>\n<!-- \/ Yoast SEO plugin. -->","yoast_head_json":{"title":"Rehabilitering med livskvalitet som m\u00e5l - V\u00c4RKSTADSBOKHANDELN, webbmaster: Gunilla Brattberg","robots":{"index":"index","follow":"follow","max-snippet":"max-snippet:-1","max-image-preview":"max-image-preview:large","max-video-preview":"max-video-preview:-1"},"canonical":"https:\/\/www.varkstaden.se\/bokhandel\/produkt\/rehabilitering-med-livskvalitet-som-mal\/","og_locale":"sv_SE","og_type":"article","og_title":"Rehabilitering med livskvalitet som m\u00e5l - V\u00c4RKSTADSBOKHANDELN, webbmaster: Gunilla Brattberg","og_description":"Inneh\u00e5llet i Rehabilitering med livskvalitet som m\u00e5l baseras p\u00e5 tusentals m\u00f6ten med sm\u00e4rtpatienter, i sjukv\u00e5rden och i V\u00e4rkstaden. H\u00e4r f\u00f6rmedlas erfarenheter av hur man kan hj\u00e4lpa dessa m\u00e4nniskor att m\u00e5 bra trots kvarst\u00e5ende symtom, dvs. hur man kan rehabilitera dem &hellip; Rehabilitering med livskvalitet som m\u00e5l L\u00e4s mer &raquo;","og_url":"https:\/\/www.varkstaden.se\/bokhandel\/produkt\/rehabilitering-med-livskvalitet-som-mal\/","og_site_name":"V\u00c4RKSTADSBOKHANDELN, webbmaster: Gunilla Brattberg","article_modified_time":"2020-04-12T06:16:16+00:00","og_image":[{"width":1767,"height":2560,"url":"https:\/\/www.varkstaden.se\/bokhandel\/wp-content\/uploads\/2020\/04\/coverOmslag-scaled.jpg","type":"image\/jpeg"}],"twitter_card":"summary_large_image","twitter_misc":{"Ber\u00e4knad l\u00e4stid":"1 minut"},"schema":{"@context":"https:\/\/schema.org","@graph":[{"@type":"WebPage","@id":"https:\/\/www.varkstaden.se\/bokhandel\/produkt\/rehabilitering-med-livskvalitet-som-mal\/","url":"https:\/\/www.varkstaden.se\/bokhandel\/produkt\/rehabilitering-med-livskvalitet-som-mal\/","name":"Rehabilitering med livskvalitet som m\u00e5l - V\u00c4RKSTADSBOKHANDELN, webbmaster: Gunilla Brattberg","isPartOf":{"@id":"https:\/\/www.varkstaden.se\/bokhandel\/#website"},"primaryImageOfPage":{"@id":"https:\/\/www.varkstaden.se\/bokhandel\/produkt\/rehabilitering-med-livskvalitet-som-mal\/#primaryimage"},"image":{"@id":"https:\/\/www.varkstaden.se\/bokhandel\/produkt\/rehabilitering-med-livskvalitet-som-mal\/#primaryimage"},"thumbnailUrl":"https:\/\/www.varkstaden.se\/bokhandel\/wp-content\/uploads\/2020\/04\/coverOmslag-scaled.jpg","datePublished":"2020-04-12T06:13:06+00:00","dateModified":"2020-04-12T06:16:16+00:00","breadcrumb":{"@id":"https:\/\/www.varkstaden.se\/bokhandel\/produkt\/rehabilitering-med-livskvalitet-som-mal\/#breadcrumb"},"inLanguage":"sv-SE","potentialAction":[{"@type":"ReadAction","target":["https:\/\/www.varkstaden.se\/bokhandel\/produkt\/rehabilitering-med-livskvalitet-som-mal\/"]}]},{"@type":"ImageObject","inLanguage":"sv-SE","@id":"https:\/\/www.varkstaden.se\/bokhandel\/produkt\/rehabilitering-med-livskvalitet-som-mal\/#primaryimage","url":"https:\/\/www.varkstaden.se\/bokhandel\/wp-content\/uploads\/2020\/04\/coverOmslag-scaled.jpg","contentUrl":"https:\/\/www.varkstaden.se\/bokhandel\/wp-content\/uploads\/2020\/04\/coverOmslag-scaled.jpg","width":1767,"height":2560},{"@type":"BreadcrumbList","@id":"https:\/\/www.varkstaden.se\/bokhandel\/produkt\/rehabilitering-med-livskvalitet-som-mal\/#breadcrumb","itemListElement":[{"@type":"ListItem","position":1,"name":"Hem","item":"https:\/\/www.varkstaden.se\/bokhandel\/"},{"@type":"ListItem","position":2,"name":"Webbutik","item":"https:\/\/www.varkstaden.se\/bokhandel\/"},{"@type":"ListItem","position":3,"name":"Rehabilitering med livskvalitet som m\u00e5l"}]},{"@type":"WebSite","@id":"https:\/\/www.varkstaden.se\/bokhandel\/#website","url":"https:\/\/www.varkstaden.se\/bokhandel\/","name":"V\u00c4RKSTADSBOKHANDELN","description":"","publisher":{"@id":"https:\/\/www.varkstaden.se\/bokhandel\/#organization"},"potentialAction":[{"@type":"SearchAction","target":{"@type":"EntryPoint","urlTemplate":"https:\/\/www.varkstaden.se\/bokhandel\/?s={search_term_string}"},"query-input":{"@type":"PropertyValueSpecification","valueRequired":true,"valueName":"search_term_string"}}],"inLanguage":"sv-SE"},{"@type":"Organization","@id":"https:\/\/www.varkstaden.se\/bokhandel\/#organization","name":"V\u00e4rkstaden GB AB","url":"https:\/\/www.varkstaden.se\/bokhandel\/","logo":{"@type":"ImageObject","inLanguage":"sv-SE","@id":"https:\/\/www.varkstaden.se\/bokhandel\/#\/schema\/logo\/image\/","url":"https:\/\/www.varkstaden.se\/bokhandel\/wp-content\/uploads\/2017\/09\/cropped-bokhandel-e1543669762370-1.jpg","contentUrl":"https:\/\/www.varkstaden.se\/bokhandel\/wp-content\/uploads\/2017\/09\/cropped-bokhandel-e1543669762370-1.jpg","width":1000,"height":525,"caption":"V\u00e4rkstaden GB AB"},"image":{"@id":"https:\/\/www.varkstaden.se\/bokhandel\/#\/schema\/logo\/image\/"}}]}},"_links":{"self":[{"href":"https:\/\/www.varkstaden.se\/bokhandel\/wp-json\/wp\/v2\/product\/1224","targetHints":{"allow":["GET"]}}],"collection":[{"href":"https:\/\/www.varkstaden.se\/bokhandel\/wp-json\/wp\/v2\/product"}],"about":[{"href":"https:\/\/www.varkstaden.se\/bokhandel\/wp-json\/wp\/v2\/types\/product"}],"replies":[{"embeddable":true,"href":"https:\/\/www.varkstaden.se\/bokhandel\/wp-json\/wp\/v2\/comments?post=1224"}],"wp:featuredmedia":[{"embeddable":true,"href":"https:\/\/www.varkstaden.se\/bokhandel\/wp-json\/wp\/v2\/media\/1227"}],"wp:attachment":[{"href":"https:\/\/www.varkstaden.se\/bokhandel\/wp-json\/wp\/v2\/media?parent=1224"}],"wp:term":[{"taxonomy":"product_brand","embeddable":true,"href":"https:\/\/www.varkstaden.se\/bokhandel\/wp-json\/wp\/v2\/product_brand?post=1224"},{"taxonomy":"product_cat","embeddable":true,"href":"https:\/\/www.varkstaden.se\/bokhandel\/wp-json\/wp\/v2\/product_cat?post=1224"},{"taxonomy":"product_tag","embeddable":true,"href":"https:\/\/www.varkstaden.se\/bokhandel\/wp-json\/wp\/v2\/product_tag?post=1224"}],"curies":[{"name":"wp","href":"https:\/\/api.w.org\/{rel}","templated":true}]}}