{"id":121,"date":"2015-01-31T15:08:33","date_gmt":"2015-01-31T15:08:33","guid":{"rendered":"http:\/\/www.varkstaden.se\/bokhandel2\/?post_type=product&#038;p=121"},"modified":"2024-03-18T16:17:29","modified_gmt":"2024-03-18T16:17:29","slug":"hallfasthetslara-for-manniska","status":"publish","type":"product","link":"https:\/\/www.varkstaden.se\/bokhandel\/produkt\/hallfasthetslara-for-manniska\/","title":{"rendered":"H\u00e5llfasthetsl\u00e4ra f\u00f6r m\u00e4nniska"},"content":{"rendered":"<h2 style=\"color: #333333; text-transform: none; text-indent: 0px; letter-spacing: normal; font-family: Georgia, 'Times New Roman', 'Bitstream Charter', Times, serif; font-style: normal; font-variant: normal; word-spacing: 0px; white-space: normal; -webkit-text-stroke-width: 0px;\">H\u00e5llfasthetsl\u00e4ra f\u00f6r m\u00e4nniska<\/h2>\n<p>Utbildning i\u00a0<em>h\u00e5llfasthetsl\u00e4ra<\/em>\u00a0\u00e4r sj\u00e4lvklar f\u00f6r den som bygger konstruktioner som ska h\u00e5lla i \u00e5ratal. Lika sj\u00e4lvklart borde det vara med h\u00e5llfasthetsl\u00e4ra f\u00f6r m\u00e4nniskor som ska h\u00e5lla i \u00e5ratal. Att m\u00e4nniskor saknar kunskap om m\u00e4nsklig h\u00e5llfasthet visas tydligt i antalet l\u00e5ngtidssjukskrivningar f\u00f6r utmattningssyndrom. M\u00e4nniskor som saknar en god sj\u00e4lvk\u00e4nsla bygger sitt hus p\u00e5 en instabil grund. N\u00e4r de uts\u00e4tts f\u00f6r n\u00f6tning och friktion, sp\u00e4nning och korrosion, s\u00e5 rasar de samman.<\/p>\n<p>Ett hus som st\u00e5r p\u00e5 en ostadig grund kan visserligen stabiliseras i efterhand. Men det \u00e4r b\u00e4ttre att bygga stadigt fr\u00e5n b\u00f6rjan. Den m\u00e4nniska som l\u00e4r k\u00e4nna sig sj\u00e4lv p\u00e5 djupet, bakom alla masker och roller, blir mindre beroende av omgivningen. Hon kan bekr\u00e4fta sig sj\u00e4lv, s\u00e4tta sina gr\u00e4nser och beh\u00e5lla lugnet \u00e4ven om det stormar p\u00e5 utsidan. Boken\u00a0<em>H\u00e5llfasthetsl\u00e4ra f\u00f6r arbete i m\u00e4nskliga sektorn<\/em> \u00e4r skriven f\u00f6r alla dem som vill senarel\u00e4gga sitt b\u00e4st-f\u00f6re-datum genom att bygga in stabilitet, motst\u00e5ndskraft och h\u00e5llbarhet i sin personlighet innan brandlarmet g\u00e5r.<\/p>\n","protected":false},"excerpt":{"rendered":"<p>Pappersboken har titeln <em>H\u00e5llfasthetsl\u00e4ra f\u00f6r arbete i den m\u00e4nskliga sektorn<\/em>. E-boken har f\u00e5tt titeln <em>H\u00e5llfasthetsl\u00e4ra f\u00f6r m\u00e4nniska<\/em> d\u00e5 alla m\u00e4nniskor har nytta av att utvecklas som m\u00e4nniska mot en \u00f6kad h\u00e5llbarhet vid l\u00e5ngvarig stress.<\/p>\n","protected":false},"featured_media":1240,"comment_status":"open","ping_status":"closed","template":"","meta":[],"product_brand":[],"product_cat":[18,13,10],"product_tag":[],"class_list":{"0":"post-121","1":"product","2":"type-product","3":"status-publish","4":"has-post-thumbnail","6":"product_cat-e-bocker","7":"product_cat-livsvisdom-och-klokskap","8":"product_cat-rehabilitering","10":"first","11":"instock","12":"sale","13":"featured","14":"taxable","15":"shipping-taxable","16":"purchasable","17":"product-type-variable"},"yoast_head":"<!-- This site is optimized with the Yoast SEO plugin v27.4 - https:\/\/yoast.com\/product\/yoast-seo-wordpress\/ -->\n<title>H\u00e5llfasthetsl\u00e4ra - om hur man som m\u00e4nniska blir l\u00e5ngsiktigt h\u00e5llbar.<\/title>\n<meta name=\"description\" content=\"H\u00e5llfasthetsl\u00e4ra f\u00f6r m\u00e4nniska \u00e4r n\u00e5got som beh\u00f6vs i tider n\u00e4r alltfler blir utbr\u00e4nda och f\u00e5r diagnosen utmattningssyndrom.\" \/>\n<meta name=\"robots\" content=\"index, follow, max-snippet:-1, max-image-preview:large, max-video-preview:-1\" \/>\n<link rel=\"canonical\" href=\"https:\/\/www.varkstaden.se\/bokhandel\/produkt\/hallfasthetslara-for-manniska\/\" \/>\n<meta property=\"og:locale\" content=\"sv_SE\" \/>\n<meta property=\"og:type\" content=\"article\" \/>\n<meta property=\"og:title\" content=\"H\u00e5llfasthetsl\u00e4ra - om hur man som m\u00e4nniska blir l\u00e5ngsiktigt h\u00e5llbar.\" \/>\n<meta property=\"og:description\" content=\"H\u00e5llfasthetsl\u00e4ra f\u00f6r m\u00e4nniska \u00e4r n\u00e5got som beh\u00f6vs i tider n\u00e4r alltfler blir utbr\u00e4nda och f\u00e5r diagnosen utmattningssyndrom.\" \/>\n<meta property=\"og:url\" content=\"https:\/\/www.varkstaden.se\/bokhandel\/produkt\/hallfasthetslara-for-manniska\/\" \/>\n<meta property=\"og:site_name\" content=\"V\u00c4RKSTADSBOKHANDELN, webbmaster: Gunilla Brattberg\" \/>\n<meta property=\"article:modified_time\" content=\"2024-03-18T16:17:29+00:00\" \/>\n<meta property=\"og:image\" content=\"https:\/\/www.varkstaden.se\/bokhandel\/wp-content\/uploads\/2020\/04\/coverOmslag-1.jpg\" \/>\n\t<meta property=\"og:image:width\" content=\"1600\" \/>\n\t<meta property=\"og:image:height\" content=\"2441\" \/>\n\t<meta property=\"og:image:type\" content=\"image\/jpeg\" \/>\n<meta name=\"twitter:card\" content=\"summary_large_image\" \/>\n<meta name=\"twitter:label1\" content=\"Ber\u00e4knad l\u00e4stid\" \/>\n\t<meta name=\"twitter:data1\" content=\"1 minut\" \/>\n<script type=\"application\/ld+json\" class=\"yoast-schema-graph\">{\"@context\":\"https:\\\/\\\/schema.org\",\"@graph\":[{\"@type\":\"WebPage\",\"@id\":\"https:\\\/\\\/www.varkstaden.se\\\/bokhandel\\\/produkt\\\/hallfasthetslara-for-manniska\\\/\",\"url\":\"https:\\\/\\\/www.varkstaden.se\\\/bokhandel\\\/produkt\\\/hallfasthetslara-for-manniska\\\/\",\"name\":\"H\u00e5llfasthetsl\u00e4ra - om hur man som m\u00e4nniska blir l\u00e5ngsiktigt h\u00e5llbar.\",\"isPartOf\":{\"@id\":\"https:\\\/\\\/www.varkstaden.se\\\/bokhandel\\\/#website\"},\"primaryImageOfPage\":{\"@id\":\"https:\\\/\\\/www.varkstaden.se\\\/bokhandel\\\/produkt\\\/hallfasthetslara-for-manniska\\\/#primaryimage\"},\"image\":{\"@id\":\"https:\\\/\\\/www.varkstaden.se\\\/bokhandel\\\/produkt\\\/hallfasthetslara-for-manniska\\\/#primaryimage\"},\"thumbnailUrl\":\"https:\\\/\\\/www.varkstaden.se\\\/bokhandel\\\/wp-content\\\/uploads\\\/2020\\\/04\\\/coverOmslag-1.jpg\",\"datePublished\":\"2015-01-31T15:08:33+00:00\",\"dateModified\":\"2024-03-18T16:17:29+00:00\",\"description\":\"H\u00e5llfasthetsl\u00e4ra f\u00f6r m\u00e4nniska \u00e4r n\u00e5got som beh\u00f6vs i tider n\u00e4r alltfler blir utbr\u00e4nda och f\u00e5r diagnosen utmattningssyndrom.\",\"breadcrumb\":{\"@id\":\"https:\\\/\\\/www.varkstaden.se\\\/bokhandel\\\/produkt\\\/hallfasthetslara-for-manniska\\\/#breadcrumb\"},\"inLanguage\":\"sv-SE\",\"potentialAction\":[{\"@type\":\"ReadAction\",\"target\":[\"https:\\\/\\\/www.varkstaden.se\\\/bokhandel\\\/produkt\\\/hallfasthetslara-for-manniska\\\/\"]}]},{\"@type\":\"ImageObject\",\"inLanguage\":\"sv-SE\",\"@id\":\"https:\\\/\\\/www.varkstaden.se\\\/bokhandel\\\/produkt\\\/hallfasthetslara-for-manniska\\\/#primaryimage\",\"url\":\"https:\\\/\\\/www.varkstaden.se\\\/bokhandel\\\/wp-content\\\/uploads\\\/2020\\\/04\\\/coverOmslag-1.jpg\",\"contentUrl\":\"https:\\\/\\\/www.varkstaden.se\\\/bokhandel\\\/wp-content\\\/uploads\\\/2020\\\/04\\\/coverOmslag-1.jpg\",\"width\":1600,\"height\":2441},{\"@type\":\"BreadcrumbList\",\"@id\":\"https:\\\/\\\/www.varkstaden.se\\\/bokhandel\\\/produkt\\\/hallfasthetslara-for-manniska\\\/#breadcrumb\",\"itemListElement\":[{\"@type\":\"ListItem\",\"position\":1,\"name\":\"Hem\",\"item\":\"https:\\\/\\\/www.varkstaden.se\\\/bokhandel\\\/\"},{\"@type\":\"ListItem\",\"position\":2,\"name\":\"Webbutik\",\"item\":\"https:\\\/\\\/www.varkstaden.se\\\/bokhandel\\\/\"},{\"@type\":\"ListItem\",\"position\":3,\"name\":\"H\u00e5llfasthetsl\u00e4ra f\u00f6r m\u00e4nniska\"}]},{\"@type\":\"WebSite\",\"@id\":\"https:\\\/\\\/www.varkstaden.se\\\/bokhandel\\\/#website\",\"url\":\"https:\\\/\\\/www.varkstaden.se\\\/bokhandel\\\/\",\"name\":\"V\u00c4RKSTADSBOKHANDELN\",\"description\":\"\",\"publisher\":{\"@id\":\"https:\\\/\\\/www.varkstaden.se\\\/bokhandel\\\/#organization\"},\"potentialAction\":[{\"@type\":\"SearchAction\",\"target\":{\"@type\":\"EntryPoint\",\"urlTemplate\":\"https:\\\/\\\/www.varkstaden.se\\\/bokhandel\\\/?s={search_term_string}\"},\"query-input\":{\"@type\":\"PropertyValueSpecification\",\"valueRequired\":true,\"valueName\":\"search_term_string\"}}],\"inLanguage\":\"sv-SE\"},{\"@type\":\"Organization\",\"@id\":\"https:\\\/\\\/www.varkstaden.se\\\/bokhandel\\\/#organization\",\"name\":\"V\u00e4rkstaden GB AB\",\"url\":\"https:\\\/\\\/www.varkstaden.se\\\/bokhandel\\\/\",\"logo\":{\"@type\":\"ImageObject\",\"inLanguage\":\"sv-SE\",\"@id\":\"https:\\\/\\\/www.varkstaden.se\\\/bokhandel\\\/#\\\/schema\\\/logo\\\/image\\\/\",\"url\":\"https:\\\/\\\/www.varkstaden.se\\\/bokhandel\\\/wp-content\\\/uploads\\\/2017\\\/09\\\/cropped-bokhandel-e1543669762370-1.jpg\",\"contentUrl\":\"https:\\\/\\\/www.varkstaden.se\\\/bokhandel\\\/wp-content\\\/uploads\\\/2017\\\/09\\\/cropped-bokhandel-e1543669762370-1.jpg\",\"width\":1000,\"height\":525,\"caption\":\"V\u00e4rkstaden GB AB\"},\"image\":{\"@id\":\"https:\\\/\\\/www.varkstaden.se\\\/bokhandel\\\/#\\\/schema\\\/logo\\\/image\\\/\"}}]}<\/script>\n<!-- \/ Yoast SEO plugin. -->","yoast_head_json":{"title":"H\u00e5llfasthetsl\u00e4ra - om hur man som m\u00e4nniska blir l\u00e5ngsiktigt h\u00e5llbar.","description":"H\u00e5llfasthetsl\u00e4ra f\u00f6r m\u00e4nniska \u00e4r n\u00e5got som beh\u00f6vs i tider n\u00e4r alltfler blir utbr\u00e4nda och f\u00e5r diagnosen utmattningssyndrom.","robots":{"index":"index","follow":"follow","max-snippet":"max-snippet:-1","max-image-preview":"max-image-preview:large","max-video-preview":"max-video-preview:-1"},"canonical":"https:\/\/www.varkstaden.se\/bokhandel\/produkt\/hallfasthetslara-for-manniska\/","og_locale":"sv_SE","og_type":"article","og_title":"H\u00e5llfasthetsl\u00e4ra - om hur man som m\u00e4nniska blir l\u00e5ngsiktigt h\u00e5llbar.","og_description":"H\u00e5llfasthetsl\u00e4ra f\u00f6r m\u00e4nniska \u00e4r n\u00e5got som beh\u00f6vs i tider n\u00e4r alltfler blir utbr\u00e4nda och f\u00e5r diagnosen utmattningssyndrom.","og_url":"https:\/\/www.varkstaden.se\/bokhandel\/produkt\/hallfasthetslara-for-manniska\/","og_site_name":"V\u00c4RKSTADSBOKHANDELN, webbmaster: Gunilla Brattberg","article_modified_time":"2024-03-18T16:17:29+00:00","og_image":[{"width":1600,"height":2441,"url":"https:\/\/www.varkstaden.se\/bokhandel\/wp-content\/uploads\/2020\/04\/coverOmslag-1.jpg","type":"image\/jpeg"}],"twitter_card":"summary_large_image","twitter_misc":{"Ber\u00e4knad l\u00e4stid":"1 minut"},"schema":{"@context":"https:\/\/schema.org","@graph":[{"@type":"WebPage","@id":"https:\/\/www.varkstaden.se\/bokhandel\/produkt\/hallfasthetslara-for-manniska\/","url":"https:\/\/www.varkstaden.se\/bokhandel\/produkt\/hallfasthetslara-for-manniska\/","name":"H\u00e5llfasthetsl\u00e4ra - om hur man som m\u00e4nniska blir l\u00e5ngsiktigt h\u00e5llbar.","isPartOf":{"@id":"https:\/\/www.varkstaden.se\/bokhandel\/#website"},"primaryImageOfPage":{"@id":"https:\/\/www.varkstaden.se\/bokhandel\/produkt\/hallfasthetslara-for-manniska\/#primaryimage"},"image":{"@id":"https:\/\/www.varkstaden.se\/bokhandel\/produkt\/hallfasthetslara-for-manniska\/#primaryimage"},"thumbnailUrl":"https:\/\/www.varkstaden.se\/bokhandel\/wp-content\/uploads\/2020\/04\/coverOmslag-1.jpg","datePublished":"2015-01-31T15:08:33+00:00","dateModified":"2024-03-18T16:17:29+00:00","description":"H\u00e5llfasthetsl\u00e4ra f\u00f6r m\u00e4nniska \u00e4r n\u00e5got som beh\u00f6vs i tider n\u00e4r alltfler blir utbr\u00e4nda och f\u00e5r diagnosen utmattningssyndrom.","breadcrumb":{"@id":"https:\/\/www.varkstaden.se\/bokhandel\/produkt\/hallfasthetslara-for-manniska\/#breadcrumb"},"inLanguage":"sv-SE","potentialAction":[{"@type":"ReadAction","target":["https:\/\/www.varkstaden.se\/bokhandel\/produkt\/hallfasthetslara-for-manniska\/"]}]},{"@type":"ImageObject","inLanguage":"sv-SE","@id":"https:\/\/www.varkstaden.se\/bokhandel\/produkt\/hallfasthetslara-for-manniska\/#primaryimage","url":"https:\/\/www.varkstaden.se\/bokhandel\/wp-content\/uploads\/2020\/04\/coverOmslag-1.jpg","contentUrl":"https:\/\/www.varkstaden.se\/bokhandel\/wp-content\/uploads\/2020\/04\/coverOmslag-1.jpg","width":1600,"height":2441},{"@type":"BreadcrumbList","@id":"https:\/\/www.varkstaden.se\/bokhandel\/produkt\/hallfasthetslara-for-manniska\/#breadcrumb","itemListElement":[{"@type":"ListItem","position":1,"name":"Hem","item":"https:\/\/www.varkstaden.se\/bokhandel\/"},{"@type":"ListItem","position":2,"name":"Webbutik","item":"https:\/\/www.varkstaden.se\/bokhandel\/"},{"@type":"ListItem","position":3,"name":"H\u00e5llfasthetsl\u00e4ra f\u00f6r m\u00e4nniska"}]},{"@type":"WebSite","@id":"https:\/\/www.varkstaden.se\/bokhandel\/#website","url":"https:\/\/www.varkstaden.se\/bokhandel\/","name":"V\u00c4RKSTADSBOKHANDELN","description":"","publisher":{"@id":"https:\/\/www.varkstaden.se\/bokhandel\/#organization"},"potentialAction":[{"@type":"SearchAction","target":{"@type":"EntryPoint","urlTemplate":"https:\/\/www.varkstaden.se\/bokhandel\/?s={search_term_string}"},"query-input":{"@type":"PropertyValueSpecification","valueRequired":true,"valueName":"search_term_string"}}],"inLanguage":"sv-SE"},{"@type":"Organization","@id":"https:\/\/www.varkstaden.se\/bokhandel\/#organization","name":"V\u00e4rkstaden GB AB","url":"https:\/\/www.varkstaden.se\/bokhandel\/","logo":{"@type":"ImageObject","inLanguage":"sv-SE","@id":"https:\/\/www.varkstaden.se\/bokhandel\/#\/schema\/logo\/image\/","url":"https:\/\/www.varkstaden.se\/bokhandel\/wp-content\/uploads\/2017\/09\/cropped-bokhandel-e1543669762370-1.jpg","contentUrl":"https:\/\/www.varkstaden.se\/bokhandel\/wp-content\/uploads\/2017\/09\/cropped-bokhandel-e1543669762370-1.jpg","width":1000,"height":525,"caption":"V\u00e4rkstaden GB AB"},"image":{"@id":"https:\/\/www.varkstaden.se\/bokhandel\/#\/schema\/logo\/image\/"}}]}},"_links":{"self":[{"href":"https:\/\/www.varkstaden.se\/bokhandel\/wp-json\/wp\/v2\/product\/121","targetHints":{"allow":["GET"]}}],"collection":[{"href":"https:\/\/www.varkstaden.se\/bokhandel\/wp-json\/wp\/v2\/product"}],"about":[{"href":"https:\/\/www.varkstaden.se\/bokhandel\/wp-json\/wp\/v2\/types\/product"}],"replies":[{"embeddable":true,"href":"https:\/\/www.varkstaden.se\/bokhandel\/wp-json\/wp\/v2\/comments?post=121"}],"wp:featuredmedia":[{"embeddable":true,"href":"https:\/\/www.varkstaden.se\/bokhandel\/wp-json\/wp\/v2\/media\/1240"}],"wp:attachment":[{"href":"https:\/\/www.varkstaden.se\/bokhandel\/wp-json\/wp\/v2\/media?parent=121"}],"wp:term":[{"taxonomy":"product_brand","embeddable":true,"href":"https:\/\/www.varkstaden.se\/bokhandel\/wp-json\/wp\/v2\/product_brand?post=121"},{"taxonomy":"product_cat","embeddable":true,"href":"https:\/\/www.varkstaden.se\/bokhandel\/wp-json\/wp\/v2\/product_cat?post=121"},{"taxonomy":"product_tag","embeddable":true,"href":"https:\/\/www.varkstaden.se\/bokhandel\/wp-json\/wp\/v2\/product_tag?post=121"}],"curies":[{"name":"wp","href":"https:\/\/api.w.org\/{rel}","templated":true}]}}