{"id":18,"date":"2015-01-30T15:31:52","date_gmt":"2015-01-30T15:31:52","guid":{"rendered":"http:\/\/www.varkstaden.se\/bokhandel2\/?page_id=18"},"modified":"2018-04-19T14:55:00","modified_gmt":"2018-04-19T14:55:00","slug":"kopvillkor","status":"publish","type":"page","link":"https:\/\/www.varkstaden.se\/bokhandel\/kopvillkor\/","title":{"rendered":"K\u00f6pvillkor"},"content":{"rendered":"<h1 style=\"color: #000000; text-transform: none; line-height: normal; text-indent: 0px; letter-spacing: normal; padding-bottom: 5px; font-family: 'Lucida Grande', 'Lucida Sans', Verdana, Arial, sans-serif; font-size: 20px; font-style: normal; font-variant: normal; margin-bottom: 0px; word-spacing: 0px; white-space: normal; -webkit-text-stroke-width: 0px;\">F\u00f6rbud\/tillst\u00e5nd att anv\u00e4nda material ur produkter med copyright<\/h1>\n<div class=\"contentContainer\" style=\"font: 14px\/normal 'Lucida Grande', 'Lucida Sans', Verdana, Arial, sans-serif; color: #000000; text-transform: none; text-indent: 0px; letter-spacing: normal; padding-bottom: 10px; word-spacing: 0px; white-space: normal; font-size-adjust: none; font-stretch: normal; -webkit-text-stroke-width: 0px;\">\n<div class=\"contentText\">\n<p>&nbsp;<\/p>\n<h3><b>Upphovsr\u00e4ttslagen<\/b><\/h3>\n<p>Enligt svenska lag r\u00e5der kopieringsf\u00f6rbud n\u00e4r det g\u00e4ller material som \u00e4r skyddat av upphovsr\u00e4ttslagen. Man f\u00e5r inte m\u00e5ngfaldiga delar av eller hela inneh\u00e5llet i b\u00f6cker, skrifter, internetsidor m.m. och sprida det bland elever, patienter, arbetskamrater, v\u00e4nner m.fl.<span class=\"Apple-converted-space\">\u00a0<\/span><\/p>\n<p><i>Kopiering f\u00f6r privat bruk<\/i><\/p>\n<p>Var och en f\u00e5r f\u00f6r sitt privata bruk framst\u00e4lla ett eller n\u00e5gra f\u00e5 exemplar av offentliggjorda verk. Den framst\u00e4llda kopian f\u00e5r inte anv\u00e4ndas f\u00f6r annat \u00e4ndam\u00e5l \u00e4n framst\u00e4llarens privata bruk. Exemplarframst\u00e4llningen f\u00e5r endast avse begr\u00e4nsade delar av verk. En begr\u00e4nsad del kan t ex vara ett kapitel eller annat avgr\u00e4nsat avsnitt i en bok.<\/p>\n<p><i>Citat<\/i><\/p>\n<p>Ur offentliggjort verk f\u00e5r man g\u00f6ra citat i \u00f6verensst\u00e4mmelse med god sed och i den omfattning som motiveras av \u00e4ndam\u00e5let. Citatet skall f\u00f6r att vara till\u00e5tet vara kort och anv\u00e4ndas i anslutning till annan text, antingen som utg\u00e5ngspunkt f\u00f6r en analys, kommentar etc. eller f\u00f6r att belysa en tes eller en beskrivning. Upphovsmannen m\u00e5ste alltid anges.<\/p>\n<p><i>S\u00e4rskilda regler om bilder<\/i><\/p>\n<p>Reglerna om kopiering f\u00f6r privat bruk och om citat g\u00e4ller ocks\u00e5 bilder. Det \u00e4r inte till\u00e5tet att utan vidare &#8220;piffa upp&#8221; ett material med andras bilder. Man f\u00e5r allts\u00e5 inte utan tillst\u00e5nd &#8211; som ofta sker vid intern information inom f\u00f6retag och myndigheter &#8211; kopiera in sk\u00e4mtteckningar och liknande f\u00f6r att g\u00f6ra produkten mera l\u00e4ttsam. Om man har tillst\u00e5nd fr\u00e5n upphovsmannen m\u00e5ste ursprung och upphovsman tydligt anges vid anv\u00e4ndandet av den aktuella bilden.<span class=\"Apple-converted-space\">\u00a0<\/span><\/p>\n<p><i>Straff och skadest\u00e5nd<\/i><\/p>\n<p>Den som utan att ha r\u00e4tt till det utnyttjar annans upphovsr\u00e4tt g\u00f6r sig skyldig till intr\u00e5ng i denna. Om intr\u00e5nget sker upps\u00e5tligen eller av grov oaktsamhet kan det medf\u00f6ra straff och skadest\u00e5ndsskyldighet. Maxstraffet \u00e4r f\u00e4ngelse i tv\u00e5 \u00e5r. Dessutom blir upphovsmannen ber\u00e4ttigad till ers\u00e4ttning f\u00f6r sj\u00e4lva utnyttjandet. \u00c5tal kan v\u00e4ckas inte bara av upphovsmannen sj\u00e4lv utan \u00e4ven av det allm\u00e4nna om det \u00e4r p\u00e5kallat ur allm\u00e4n synpunkt. Intr\u00e5ng f\u00f6religger inte bara om utnyttjaren saknar varje r\u00e4tt att anv\u00e4nda verket. Om han kan \u00e5beropa en inskr\u00e4nkningsbest\u00e4mmelse men inte f\u00f6ljer de villkor lagen uppst\u00e4ller blir det fr\u00e5ga om intr\u00e5ng. S\u00e5 \u00e4r t ex fallet om n\u00e5gon s\u00e4ljer kopior som framst\u00e4llts f\u00f6r privat bruk eller delar ut dem till en stor krets.<span class=\"Apple-converted-space\">\u00a0<\/span><\/p>\n<p><i>Avtalsm\u00f6jligheter<\/i><\/p>\n<p>I de fall som beskrivits i det f\u00f6reg\u00e5ende beh\u00f6ver den som utnyttjar inskr\u00e4nkningarna i upphovsr\u00e4tten inte ta kontakt med upphovsmannen. Handlar det d\u00e4remot om spridning till en vidare krets kr\u00e4vs det ofta medgivande av vederb\u00f6rande r\u00e4ttsinnehavare &#8211; upphovsmannen och\/eller f\u00f6rl\u00e4ggaren.<span class=\"Apple-converted-space\">\u00a0<\/span><\/p>\n<p><i>Kopiering f\u00f6r undervisnings\u00e4ndam\u00e5l<\/i><\/p>\n<p>Bonus Presskopias avtal p\u00e5 undervisningsomr\u00e5det inneb\u00e4r att l\u00e4rarna vid den skola som ing\u00e5tt ett<i>kopieringsavtal<\/i><span class=\"Apple-converted-space\">\u00a0<\/span>f\u00e5tt ett generellt tillst\u00e5nd att fotokopiera ur skyddade verk, s\u00e5som b\u00f6cker, tidningar, tidskrifter och noter. Avtalet medf\u00f6r att l\u00e4raren f\u00e5r kopiera 15%, dock h\u00f6gst 15 sidor ur en skrift till sina egna elever, f\u00f6r att komplettera den obligatoriska kurslitteraturen. Avtalet f\u00f6r skolor och gymnasier till\u00e5ter \u00e4ven, fr o m juli 2005, utskrifter fr\u00e5n t ex Internet med h\u00f6gst 15 sidor i A4-format. L\u00e4raren f\u00e5r kopiera s\u00e5 m\u00e5nga exemplar att han sj\u00e4lv f\u00e5r n\u00e5gra exemplar och hans elever var sitt.<span class=\"Apple-converted-space\">\u00a0<\/span><\/p>\n<p><i>Kopiering f\u00f6r intern information<\/i><\/p>\n<p>Bonus Presskopia erbjuder myndigheter, f\u00f6retag och organisationer en s\u00e4rskild licens f\u00f6r kopiering f\u00f6r intern information. Licensen ger r\u00e4tt att fotokopiera ur utgivna b\u00f6cker, tidningar och tidskrifter fr\u00e5n hela v\u00e4rlden f\u00f6r att tillgodose behovet av information inom verksamheten. Det \u00e4r naturligtvis inte till\u00e5tet att kopiera en hel bok, tidning eller annan skrift. Licensen medger att du kopierar 15 procent av antalet sidor ur en och samma skrift, dock inte mer \u00e4n 15 sidor. F\u00f6r att f\u00e5 r\u00e4tt att kopiera fyller du i en licensans\u00f6kan och betalar f\u00f6r s\u00e5 m\u00e5nga kopior du tror att du beh\u00f6ver g\u00f6ra under den kommande tolvm\u00e5nadersperioden.<\/p>\n<\/div>\n<h3>Personuppgiftshantering<\/h3>\n<p>F\u00f6r upplysning om vilka personuppgifter som lagras se <a href=\"https:\/\/www.varkstaden.se\/bokhandel\/?page_id=797\">Personuppgifter<\/a>.<\/p>\n<\/div>\n","protected":false},"excerpt":{"rendered":"<p>F\u00f6rbud\/tillst\u00e5nd att anv\u00e4nda material ur produkter med copyright &nbsp; Upphovsr\u00e4ttslagen Enligt svenska lag r\u00e5der kopieringsf\u00f6rbud n\u00e4r det g\u00e4ller material som \u00e4r skyddat av upphovsr\u00e4ttslagen. Man f\u00e5r inte m\u00e5ngfaldiga delar av eller hela inneh\u00e5llet i b\u00f6cker, skrifter, internetsidor m.m. och sprida &hellip;<\/p>\n<p class=\"read-more\"> <a class=\"more-link\" href=\"https:\/\/www.varkstaden.se\/bokhandel\/kopvillkor\/\"> <span class=\"screen-reader-text\">K\u00f6pvillkor<\/span> L\u00e4s mer &raquo;<\/a><\/p>\n","protected":false},"author":36,"featured_media":0,"parent":0,"menu_order":0,"comment_status":"open","ping_status":"open","template":"","meta":{"footnotes":""},"class_list":["post-18","page","type-page","status-publish","hentry"],"yoast_head":"<!-- This site is optimized with the Yoast SEO plugin v27.4 - https:\/\/yoast.com\/product\/yoast-seo-wordpress\/ -->\n<title>K\u00f6pvillkor - V\u00c4RKSTADSBOKHANDELN, webbmaster: Gunilla Brattberg<\/title>\n<meta name=\"robots\" content=\"index, follow, max-snippet:-1, max-image-preview:large, max-video-preview:-1\" \/>\n<link rel=\"canonical\" href=\"https:\/\/www.varkstaden.se\/bokhandel\/kopvillkor\/\" \/>\n<meta property=\"og:locale\" content=\"sv_SE\" \/>\n<meta property=\"og:type\" content=\"article\" \/>\n<meta property=\"og:title\" content=\"K\u00f6pvillkor - V\u00c4RKSTADSBOKHANDELN, webbmaster: Gunilla Brattberg\" \/>\n<meta property=\"og:description\" content=\"F\u00f6rbud\/tillst\u00e5nd att anv\u00e4nda material ur produkter med copyright &nbsp; Upphovsr\u00e4ttslagen Enligt svenska lag r\u00e5der kopieringsf\u00f6rbud n\u00e4r det g\u00e4ller material som \u00e4r skyddat av upphovsr\u00e4ttslagen. Man f\u00e5r inte m\u00e5ngfaldiga delar av eller hela inneh\u00e5llet i b\u00f6cker, skrifter, internetsidor m.m. och sprida &hellip; K\u00f6pvillkor L\u00e4s mer &raquo;\" \/>\n<meta property=\"og:url\" content=\"https:\/\/www.varkstaden.se\/bokhandel\/kopvillkor\/\" \/>\n<meta property=\"og:site_name\" content=\"V\u00c4RKSTADSBOKHANDELN, webbmaster: Gunilla Brattberg\" \/>\n<meta property=\"article:modified_time\" content=\"2018-04-19T14:55:00+00:00\" \/>\n<meta name=\"twitter:card\" content=\"summary_large_image\" \/>\n<meta name=\"twitter:label1\" content=\"Ber\u00e4knad l\u00e4stid\" \/>\n\t<meta name=\"twitter:data1\" content=\"4 minuter\" \/>\n<script type=\"application\/ld+json\" class=\"yoast-schema-graph\">{\"@context\":\"https:\\\/\\\/schema.org\",\"@graph\":[{\"@type\":\"WebPage\",\"@id\":\"https:\\\/\\\/www.varkstaden.se\\\/bokhandel\\\/kopvillkor\\\/\",\"url\":\"https:\\\/\\\/www.varkstaden.se\\\/bokhandel\\\/kopvillkor\\\/\",\"name\":\"K\u00f6pvillkor - V\u00c4RKSTADSBOKHANDELN, webbmaster: Gunilla Brattberg\",\"isPartOf\":{\"@id\":\"https:\\\/\\\/www.varkstaden.se\\\/bokhandel\\\/#website\"},\"datePublished\":\"2015-01-30T15:31:52+00:00\",\"dateModified\":\"2018-04-19T14:55:00+00:00\",\"breadcrumb\":{\"@id\":\"https:\\\/\\\/www.varkstaden.se\\\/bokhandel\\\/kopvillkor\\\/#breadcrumb\"},\"inLanguage\":\"sv-SE\",\"potentialAction\":[{\"@type\":\"ReadAction\",\"target\":[\"https:\\\/\\\/www.varkstaden.se\\\/bokhandel\\\/kopvillkor\\\/\"]}]},{\"@type\":\"BreadcrumbList\",\"@id\":\"https:\\\/\\\/www.varkstaden.se\\\/bokhandel\\\/kopvillkor\\\/#breadcrumb\",\"itemListElement\":[{\"@type\":\"ListItem\",\"position\":1,\"name\":\"Hem\",\"item\":\"https:\\\/\\\/www.varkstaden.se\\\/bokhandel\\\/\"},{\"@type\":\"ListItem\",\"position\":2,\"name\":\"K\u00f6pvillkor\"}]},{\"@type\":\"WebSite\",\"@id\":\"https:\\\/\\\/www.varkstaden.se\\\/bokhandel\\\/#website\",\"url\":\"https:\\\/\\\/www.varkstaden.se\\\/bokhandel\\\/\",\"name\":\"V\u00c4RKSTADSBOKHANDELN\",\"description\":\"\",\"publisher\":{\"@id\":\"https:\\\/\\\/www.varkstaden.se\\\/bokhandel\\\/#organization\"},\"potentialAction\":[{\"@type\":\"SearchAction\",\"target\":{\"@type\":\"EntryPoint\",\"urlTemplate\":\"https:\\\/\\\/www.varkstaden.se\\\/bokhandel\\\/?s={search_term_string}\"},\"query-input\":{\"@type\":\"PropertyValueSpecification\",\"valueRequired\":true,\"valueName\":\"search_term_string\"}}],\"inLanguage\":\"sv-SE\"},{\"@type\":\"Organization\",\"@id\":\"https:\\\/\\\/www.varkstaden.se\\\/bokhandel\\\/#organization\",\"name\":\"V\u00e4rkstaden GB AB\",\"url\":\"https:\\\/\\\/www.varkstaden.se\\\/bokhandel\\\/\",\"logo\":{\"@type\":\"ImageObject\",\"inLanguage\":\"sv-SE\",\"@id\":\"https:\\\/\\\/www.varkstaden.se\\\/bokhandel\\\/#\\\/schema\\\/logo\\\/image\\\/\",\"url\":\"https:\\\/\\\/www.varkstaden.se\\\/bokhandel\\\/wp-content\\\/uploads\\\/2017\\\/09\\\/cropped-bokhandel-e1543669762370-1.jpg\",\"contentUrl\":\"https:\\\/\\\/www.varkstaden.se\\\/bokhandel\\\/wp-content\\\/uploads\\\/2017\\\/09\\\/cropped-bokhandel-e1543669762370-1.jpg\",\"width\":1000,\"height\":525,\"caption\":\"V\u00e4rkstaden GB AB\"},\"image\":{\"@id\":\"https:\\\/\\\/www.varkstaden.se\\\/bokhandel\\\/#\\\/schema\\\/logo\\\/image\\\/\"}}]}<\/script>\n<!-- \/ Yoast SEO plugin. -->","yoast_head_json":{"title":"K\u00f6pvillkor - V\u00c4RKSTADSBOKHANDELN, webbmaster: Gunilla Brattberg","robots":{"index":"index","follow":"follow","max-snippet":"max-snippet:-1","max-image-preview":"max-image-preview:large","max-video-preview":"max-video-preview:-1"},"canonical":"https:\/\/www.varkstaden.se\/bokhandel\/kopvillkor\/","og_locale":"sv_SE","og_type":"article","og_title":"K\u00f6pvillkor - V\u00c4RKSTADSBOKHANDELN, webbmaster: Gunilla Brattberg","og_description":"F\u00f6rbud\/tillst\u00e5nd att anv\u00e4nda material ur produkter med copyright &nbsp; Upphovsr\u00e4ttslagen Enligt svenska lag r\u00e5der kopieringsf\u00f6rbud n\u00e4r det g\u00e4ller material som \u00e4r skyddat av upphovsr\u00e4ttslagen. Man f\u00e5r inte m\u00e5ngfaldiga delar av eller hela inneh\u00e5llet i b\u00f6cker, skrifter, internetsidor m.m. och sprida &hellip; K\u00f6pvillkor L\u00e4s mer &raquo;","og_url":"https:\/\/www.varkstaden.se\/bokhandel\/kopvillkor\/","og_site_name":"V\u00c4RKSTADSBOKHANDELN, webbmaster: Gunilla Brattberg","article_modified_time":"2018-04-19T14:55:00+00:00","twitter_card":"summary_large_image","twitter_misc":{"Ber\u00e4knad l\u00e4stid":"4 minuter"},"schema":{"@context":"https:\/\/schema.org","@graph":[{"@type":"WebPage","@id":"https:\/\/www.varkstaden.se\/bokhandel\/kopvillkor\/","url":"https:\/\/www.varkstaden.se\/bokhandel\/kopvillkor\/","name":"K\u00f6pvillkor - V\u00c4RKSTADSBOKHANDELN, webbmaster: Gunilla Brattberg","isPartOf":{"@id":"https:\/\/www.varkstaden.se\/bokhandel\/#website"},"datePublished":"2015-01-30T15:31:52+00:00","dateModified":"2018-04-19T14:55:00+00:00","breadcrumb":{"@id":"https:\/\/www.varkstaden.se\/bokhandel\/kopvillkor\/#breadcrumb"},"inLanguage":"sv-SE","potentialAction":[{"@type":"ReadAction","target":["https:\/\/www.varkstaden.se\/bokhandel\/kopvillkor\/"]}]},{"@type":"BreadcrumbList","@id":"https:\/\/www.varkstaden.se\/bokhandel\/kopvillkor\/#breadcrumb","itemListElement":[{"@type":"ListItem","position":1,"name":"Hem","item":"https:\/\/www.varkstaden.se\/bokhandel\/"},{"@type":"ListItem","position":2,"name":"K\u00f6pvillkor"}]},{"@type":"WebSite","@id":"https:\/\/www.varkstaden.se\/bokhandel\/#website","url":"https:\/\/www.varkstaden.se\/bokhandel\/","name":"V\u00c4RKSTADSBOKHANDELN","description":"","publisher":{"@id":"https:\/\/www.varkstaden.se\/bokhandel\/#organization"},"potentialAction":[{"@type":"SearchAction","target":{"@type":"EntryPoint","urlTemplate":"https:\/\/www.varkstaden.se\/bokhandel\/?s={search_term_string}"},"query-input":{"@type":"PropertyValueSpecification","valueRequired":true,"valueName":"search_term_string"}}],"inLanguage":"sv-SE"},{"@type":"Organization","@id":"https:\/\/www.varkstaden.se\/bokhandel\/#organization","name":"V\u00e4rkstaden GB AB","url":"https:\/\/www.varkstaden.se\/bokhandel\/","logo":{"@type":"ImageObject","inLanguage":"sv-SE","@id":"https:\/\/www.varkstaden.se\/bokhandel\/#\/schema\/logo\/image\/","url":"https:\/\/www.varkstaden.se\/bokhandel\/wp-content\/uploads\/2017\/09\/cropped-bokhandel-e1543669762370-1.jpg","contentUrl":"https:\/\/www.varkstaden.se\/bokhandel\/wp-content\/uploads\/2017\/09\/cropped-bokhandel-e1543669762370-1.jpg","width":1000,"height":525,"caption":"V\u00e4rkstaden GB AB"},"image":{"@id":"https:\/\/www.varkstaden.se\/bokhandel\/#\/schema\/logo\/image\/"}}]}},"_links":{"self":[{"href":"https:\/\/www.varkstaden.se\/bokhandel\/wp-json\/wp\/v2\/pages\/18","targetHints":{"allow":["GET"]}}],"collection":[{"href":"https:\/\/www.varkstaden.se\/bokhandel\/wp-json\/wp\/v2\/pages"}],"about":[{"href":"https:\/\/www.varkstaden.se\/bokhandel\/wp-json\/wp\/v2\/types\/page"}],"author":[{"embeddable":true,"href":"https:\/\/www.varkstaden.se\/bokhandel\/wp-json\/wp\/v2\/users\/36"}],"replies":[{"embeddable":true,"href":"https:\/\/www.varkstaden.se\/bokhandel\/wp-json\/wp\/v2\/comments?post=18"}],"version-history":[{"count":6,"href":"https:\/\/www.varkstaden.se\/bokhandel\/wp-json\/wp\/v2\/pages\/18\/revisions"}],"predecessor-version":[{"id":815,"href":"https:\/\/www.varkstaden.se\/bokhandel\/wp-json\/wp\/v2\/pages\/18\/revisions\/815"}],"wp:attachment":[{"href":"https:\/\/www.varkstaden.se\/bokhandel\/wp-json\/wp\/v2\/media?parent=18"}],"curies":[{"name":"wp","href":"https:\/\/api.w.org\/{rel}","templated":true}]}}